{"id":460,"date":"2023-10-25T21:41:07","date_gmt":"2023-10-25T19:41:07","guid":{"rendered":"https:\/\/www.letteraemme.it\/espropriponte\/esproprio\/s462-s463-copy\/"},"modified":"2023-10-25T21:47:42","modified_gmt":"2023-10-25T19:47:42","slug":"s465-s466-s467","status":"publish","type":"esproprio","link":"https:\/\/www.letteraemme.it\/espropriponte\/esproprio\/s465-s466-s467\/","title":{"rendered":"S465-S466-S467 &#8211; Contrada Mortelle"},"content":{"rendered":"<p>L&#8217;immobile in oggetto \u00e8 prevalentemente destinato a: fabbricato rurale, rudere, vasca irrigua; si articola su un livello ed \u00e8 ubicato su un lotto di terreno della superficie di mq. 3.690 tra coperto e scoperto. L&#8217;epoca di costruzione dell&#8217;immobile risale presumibilmente intorno all&#8217;anno 1950 ed in generale, ad oggi si presenta in un degradato stato di conservazione e manutenzione. L&#8217;accessibilit\u00e0 dall&#8217;esterno direttamente dalla strada pubblica. E&#8217; ubicato in zona periferica collinare. L&#8217;altezza \u00e8 di circa 3 metri, la struttura portante \u00e8 in muratura, con un piano fuori terra, la finitura esterna \u00e8 in rustico, gli infissi sono in legno. La parte scoperta (corte) \u00e8 incolta ed \u00e8 piantumata con siepi e piante ornamentali oltre a camminamenti pavimentati. Le superfici relative al fabbricato, al giardino, ai balconi ecc. sono ricavate dal fotogrammetrico.<\/p>\n","protected":false},"featured_media":462,"template":"","tags":[],"comune":[25],"tipologia":[30],"destinazione-prevalente":[15],"cata":[],"documento-di-riferimento":[14],"class_list":["post-460","esproprio","type-esproprio","status-publish","has-post-thumbnail","hentry","comune-messina-me","tipologia-fabbricato-rurale","destinazione-prevalente-attivita-produttive","documento-di-riferimento-viag012s_f1"],"acf":[],"yoast_head":"<!-- This site is optimized with the Yoast SEO plugin v22.4 - https:\/\/yoast.com\/wordpress\/plugins\/seo\/ -->\n<title>S465-S466-S467 - Contrada Mortelle - Espropri Ponte sullo Stretto<\/title>\n<meta name=\"robots\" content=\"index, follow, max-snippet:-1, max-image-preview:large, max-video-preview:-1\" \/>\n<link rel=\"canonical\" href=\"https:\/\/www.letteraemme.it\/espropriponte\/esproprio\/s465-s466-s467\/\" \/>\n<meta property=\"og:locale\" content=\"it_IT\" \/>\n<meta property=\"og:type\" content=\"article\" \/>\n<meta property=\"og:title\" content=\"S465-S466-S467 - Contrada Mortelle - Espropri Ponte sullo Stretto\" \/>\n<meta property=\"og:description\" content=\"L&#8217;immobile in oggetto \u00e8 prevalentemente destinato a: fabbricato rurale, rudere, vasca irrigua; si articola su un livello ed \u00e8 ubicato su un lotto di terreno della superficie di mq. 3.690 tra coperto e scoperto. L&#8217;epoca di costruzione dell&#8217;immobile risale presumibilmente intorno all&#8217;anno 1950 ed in generale, ad oggi si presenta in un degradato stato di [...]Leggi di pi\u00f9... from S465-S466-S467 &#8211; Contrada Mortelle\" \/>\n<meta property=\"og:url\" content=\"https:\/\/www.letteraemme.it\/espropriponte\/esproprio\/s465-s466-s467\/\" \/>\n<meta property=\"og:site_name\" content=\"Espropri Ponte sullo Stretto\" \/>\n<meta property=\"article:modified_time\" content=\"2023-10-25T19:47:42+00:00\" \/>\n<meta property=\"og:image\" content=\"https:\/\/www.letteraemme.it\/espropriponte\/wp-content\/uploads\/2023\/10\/Screenshot-at-Oct-25-21-46-35.png\" \/>\n\t<meta property=\"og:image:width\" content=\"600\" \/>\n\t<meta property=\"og:image:height\" content=\"398\" \/>\n\t<meta property=\"og:image:type\" content=\"image\/png\" \/>\n<meta name=\"twitter:card\" content=\"summary_large_image\" \/>\n<meta name=\"twitter:label1\" content=\"Tempo di lettura stimato\" \/>\n\t<meta name=\"twitter:data1\" content=\"1 minuto\" \/>\n<script type=\"application\/ld+json\" class=\"yoast-schema-graph\">{\"@context\":\"https:\/\/schema.org\",\"@graph\":[{\"@type\":\"WebPage\",\"@id\":\"https:\/\/www.letteraemme.it\/espropriponte\/esproprio\/s465-s466-s467\/\",\"url\":\"https:\/\/www.letteraemme.it\/espropriponte\/esproprio\/s465-s466-s467\/\",\"name\":\"S465-S466-S467 - Contrada Mortelle - Espropri Ponte sullo Stretto\",\"isPartOf\":{\"@id\":\"https:\/\/www.letteraemme.it\/espropriponte\/#website\"},\"primaryImageOfPage\":{\"@id\":\"https:\/\/www.letteraemme.it\/espropriponte\/esproprio\/s465-s466-s467\/#primaryimage\"},\"image\":{\"@id\":\"https:\/\/www.letteraemme.it\/espropriponte\/esproprio\/s465-s466-s467\/#primaryimage\"},\"thumbnailUrl\":\"https:\/\/www.letteraemme.it\/espropriponte\/wp-content\/uploads\/2023\/10\/Screenshot-at-Oct-25-21-46-35.png\",\"datePublished\":\"2023-10-25T19:41:07+00:00\",\"dateModified\":\"2023-10-25T19:47:42+00:00\",\"breadcrumb\":{\"@id\":\"https:\/\/www.letteraemme.it\/espropriponte\/esproprio\/s465-s466-s467\/#breadcrumb\"},\"inLanguage\":\"it-IT\",\"potentialAction\":[{\"@type\":\"ReadAction\",\"target\":[\"https:\/\/www.letteraemme.it\/espropriponte\/esproprio\/s465-s466-s467\/\"]}]},{\"@type\":\"ImageObject\",\"inLanguage\":\"it-IT\",\"@id\":\"https:\/\/www.letteraemme.it\/espropriponte\/esproprio\/s465-s466-s467\/#primaryimage\",\"url\":\"https:\/\/www.letteraemme.it\/espropriponte\/wp-content\/uploads\/2023\/10\/Screenshot-at-Oct-25-21-46-35.png\",\"contentUrl\":\"https:\/\/www.letteraemme.it\/espropriponte\/wp-content\/uploads\/2023\/10\/Screenshot-at-Oct-25-21-46-35.png\",\"width\":600,\"height\":398},{\"@type\":\"BreadcrumbList\",\"@id\":\"https:\/\/www.letteraemme.it\/espropriponte\/esproprio\/s465-s466-s467\/#breadcrumb\",\"itemListElement\":[{\"@type\":\"ListItem\",\"position\":1,\"name\":\"Home\",\"item\":\"https:\/\/www.letteraemme.it\/espropriponte\/\"},{\"@type\":\"ListItem\",\"position\":2,\"name\":\"Espropri\",\"item\":\"https:\/\/www.letteraemme.it\/espropriponte\/elenco-espropri\/\"},{\"@type\":\"ListItem\",\"position\":3,\"name\":\"S465-S466-S467 &#8211; Contrada Mortelle\"}]},{\"@type\":\"WebSite\",\"@id\":\"https:\/\/www.letteraemme.it\/espropriponte\/#website\",\"url\":\"https:\/\/www.letteraemme.it\/espropriponte\/\",\"name\":\"Espropri Ponte sullo Stretto\",\"description\":\"\",\"publisher\":{\"@id\":\"https:\/\/www.letteraemme.it\/espropriponte\/#organization\"},\"potentialAction\":[{\"@type\":\"SearchAction\",\"target\":{\"@type\":\"EntryPoint\",\"urlTemplate\":\"https:\/\/www.letteraemme.it\/espropriponte\/?s={search_term_string}\"},\"query-input\":\"required name=search_term_string\"}],\"inLanguage\":\"it-IT\"},{\"@type\":\"Organization\",\"@id\":\"https:\/\/www.letteraemme.it\/espropriponte\/#organization\",\"name\":\"Espropri Ponte sullo Stretto\",\"url\":\"https:\/\/www.letteraemme.it\/espropriponte\/\",\"logo\":{\"@type\":\"ImageObject\",\"inLanguage\":\"it-IT\",\"@id\":\"https:\/\/www.letteraemme.it\/espropriponte\/#\/schema\/logo\/image\/\",\"url\":\"https:\/\/www.letteraemme.it\/espropriponte\/wp-content\/uploads\/2023\/11\/ricerca.png\",\"contentUrl\":\"https:\/\/www.letteraemme.it\/espropriponte\/wp-content\/uploads\/2023\/11\/ricerca.png\",\"width\":706,\"height\":708,\"caption\":\"Espropri Ponte sullo Stretto\"},\"image\":{\"@id\":\"https:\/\/www.letteraemme.it\/espropriponte\/#\/schema\/logo\/image\/\"}}]}<\/script>\n<!-- \/ Yoast SEO plugin. -->","yoast_head_json":{"title":"S465-S466-S467 - Contrada Mortelle - Espropri Ponte sullo Stretto","robots":{"index":"index","follow":"follow","max-snippet":"max-snippet:-1","max-image-preview":"max-image-preview:large","max-video-preview":"max-video-preview:-1"},"canonical":"https:\/\/www.letteraemme.it\/espropriponte\/esproprio\/s465-s466-s467\/","og_locale":"it_IT","og_type":"article","og_title":"S465-S466-S467 - Contrada Mortelle - Espropri Ponte sullo Stretto","og_description":"L&#8217;immobile in oggetto \u00e8 prevalentemente destinato a: fabbricato rurale, rudere, vasca irrigua; si articola su un livello ed \u00e8 ubicato su un lotto di terreno della superficie di mq. 3.690 tra coperto e scoperto. L&#8217;epoca di costruzione dell&#8217;immobile risale presumibilmente intorno all&#8217;anno 1950 ed in generale, ad oggi si presenta in un degradato stato di [...]Leggi di pi\u00f9... from S465-S466-S467 &#8211; Contrada Mortelle","og_url":"https:\/\/www.letteraemme.it\/espropriponte\/esproprio\/s465-s466-s467\/","og_site_name":"Espropri Ponte sullo Stretto","article_modified_time":"2023-10-25T19:47:42+00:00","og_image":[{"width":600,"height":398,"url":"https:\/\/www.letteraemme.it\/espropriponte\/wp-content\/uploads\/2023\/10\/Screenshot-at-Oct-25-21-46-35.png","type":"image\/png"}],"twitter_card":"summary_large_image","twitter_misc":{"Tempo di lettura stimato":"1 minuto"},"schema":{"@context":"https:\/\/schema.org","@graph":[{"@type":"WebPage","@id":"https:\/\/www.letteraemme.it\/espropriponte\/esproprio\/s465-s466-s467\/","url":"https:\/\/www.letteraemme.it\/espropriponte\/esproprio\/s465-s466-s467\/","name":"S465-S466-S467 - Contrada Mortelle - Espropri Ponte sullo Stretto","isPartOf":{"@id":"https:\/\/www.letteraemme.it\/espropriponte\/#website"},"primaryImageOfPage":{"@id":"https:\/\/www.letteraemme.it\/espropriponte\/esproprio\/s465-s466-s467\/#primaryimage"},"image":{"@id":"https:\/\/www.letteraemme.it\/espropriponte\/esproprio\/s465-s466-s467\/#primaryimage"},"thumbnailUrl":"https:\/\/www.letteraemme.it\/espropriponte\/wp-content\/uploads\/2023\/10\/Screenshot-at-Oct-25-21-46-35.png","datePublished":"2023-10-25T19:41:07+00:00","dateModified":"2023-10-25T19:47:42+00:00","breadcrumb":{"@id":"https:\/\/www.letteraemme.it\/espropriponte\/esproprio\/s465-s466-s467\/#breadcrumb"},"inLanguage":"it-IT","potentialAction":[{"@type":"ReadAction","target":["https:\/\/www.letteraemme.it\/espropriponte\/esproprio\/s465-s466-s467\/"]}]},{"@type":"ImageObject","inLanguage":"it-IT","@id":"https:\/\/www.letteraemme.it\/espropriponte\/esproprio\/s465-s466-s467\/#primaryimage","url":"https:\/\/www.letteraemme.it\/espropriponte\/wp-content\/uploads\/2023\/10\/Screenshot-at-Oct-25-21-46-35.png","contentUrl":"https:\/\/www.letteraemme.it\/espropriponte\/wp-content\/uploads\/2023\/10\/Screenshot-at-Oct-25-21-46-35.png","width":600,"height":398},{"@type":"BreadcrumbList","@id":"https:\/\/www.letteraemme.it\/espropriponte\/esproprio\/s465-s466-s467\/#breadcrumb","itemListElement":[{"@type":"ListItem","position":1,"name":"Home","item":"https:\/\/www.letteraemme.it\/espropriponte\/"},{"@type":"ListItem","position":2,"name":"Espropri","item":"https:\/\/www.letteraemme.it\/espropriponte\/elenco-espropri\/"},{"@type":"ListItem","position":3,"name":"S465-S466-S467 &#8211; Contrada Mortelle"}]},{"@type":"WebSite","@id":"https:\/\/www.letteraemme.it\/espropriponte\/#website","url":"https:\/\/www.letteraemme.it\/espropriponte\/","name":"Espropri Ponte sullo Stretto","description":"","publisher":{"@id":"https:\/\/www.letteraemme.it\/espropriponte\/#organization"},"potentialAction":[{"@type":"SearchAction","target":{"@type":"EntryPoint","urlTemplate":"https:\/\/www.letteraemme.it\/espropriponte\/?s={search_term_string}"},"query-input":"required name=search_term_string"}],"inLanguage":"it-IT"},{"@type":"Organization","@id":"https:\/\/www.letteraemme.it\/espropriponte\/#organization","name":"Espropri Ponte sullo Stretto","url":"https:\/\/www.letteraemme.it\/espropriponte\/","logo":{"@type":"ImageObject","inLanguage":"it-IT","@id":"https:\/\/www.letteraemme.it\/espropriponte\/#\/schema\/logo\/image\/","url":"https:\/\/www.letteraemme.it\/espropriponte\/wp-content\/uploads\/2023\/11\/ricerca.png","contentUrl":"https:\/\/www.letteraemme.it\/espropriponte\/wp-content\/uploads\/2023\/11\/ricerca.png","width":706,"height":708,"caption":"Espropri Ponte sullo Stretto"},"image":{"@id":"https:\/\/www.letteraemme.it\/espropriponte\/#\/schema\/logo\/image\/"}}]}},"_links":{"self":[{"href":"https:\/\/www.letteraemme.it\/espropriponte\/wp-json\/wp\/v2\/esproprio\/460","targetHints":{"allow":["GET"]}}],"collection":[{"href":"https:\/\/www.letteraemme.it\/espropriponte\/wp-json\/wp\/v2\/esproprio"}],"about":[{"href":"https:\/\/www.letteraemme.it\/espropriponte\/wp-json\/wp\/v2\/types\/esproprio"}],"wp:featuredmedia":[{"embeddable":true,"href":"https:\/\/www.letteraemme.it\/espropriponte\/wp-json\/wp\/v2\/media\/462"}],"wp:attachment":[{"href":"https:\/\/www.letteraemme.it\/espropriponte\/wp-json\/wp\/v2\/media?parent=460"}],"wp:term":[{"taxonomy":"post_tag","embeddable":true,"href":"https:\/\/www.letteraemme.it\/espropriponte\/wp-json\/wp\/v2\/tags?post=460"},{"taxonomy":"comune","embeddable":true,"href":"https:\/\/www.letteraemme.it\/espropriponte\/wp-json\/wp\/v2\/comune?post=460"},{"taxonomy":"tipologia","embeddable":true,"href":"https:\/\/www.letteraemme.it\/espropriponte\/wp-json\/wp\/v2\/tipologia?post=460"},{"taxonomy":"destinazione-prevalente","embeddable":true,"href":"https:\/\/www.letteraemme.it\/espropriponte\/wp-json\/wp\/v2\/destinazione-prevalente?post=460"},{"taxonomy":"cata","embeddable":true,"href":"https:\/\/www.letteraemme.it\/espropriponte\/wp-json\/wp\/v2\/cata?post=460"},{"taxonomy":"documento-di-riferimento","embeddable":true,"href":"https:\/\/www.letteraemme.it\/espropriponte\/wp-json\/wp\/v2\/documento-di-riferimento?post=460"}],"curies":[{"name":"wp","href":"https:\/\/api.w.org\/{rel}","templated":true}]}}

<p>L&#8217;immobile in oggetto è prevalentemente destinato a: fabbricato rurale, rudere, vasca irrigua; si articola su un livello ed è ubicato su un lotto di terreno della superficie di mq. 3.690 tra coperto e scoperto. L&#8217;epoca di costruzione dell&#8217;immobile risale presumibilmente intorno all&#8217;anno 1950 ed in generale, ad oggi si presenta in un degradato stato di conservazione e manutenzione. L&#8217;accessibilità dall&#8217;esterno direttamente dalla strada pubblica. E&#8217; ubicato in zona periferica collinare. L&#8217;altezza è di circa 3 metri, la struttura portante è in muratura, con un piano fuori terra, la finitura esterna è in rustico, gli infissi sono in legno. La parte scoperta (corte) è incolta ed è piantumata con siepi e piante ornamentali oltre a camminamenti pavimentati. Le superfici relative al fabbricato, al giardino, ai balconi ecc. sono ricavate dal fotogrammetrico.</p>

<!-- This site is optimized with the Yoast SEO plugin v22.4 - https://yoast.com/wordpress/plugins/seo/ -->
<title>S465-S466-S467 - Contrada Mortelle - Espropri Ponte sullo Stretto</title>
<meta name="robots" content="index, follow, max-snippet:-1, max-image-preview:large, max-video-preview:-1" />
<link rel="canonical" href="https://www.letteraemme.it/espropriponte/esproprio/s465-s466-s467/" />
<meta property="og:locale" content="it_IT" />
<meta property="og:type" content="article" />
<meta property="og:title" content="S465-S466-S467 - Contrada Mortelle - Espropri Ponte sullo Stretto" />
<meta property="og:description" content="L&#8217;immobile in oggetto è prevalentemente destinato a: fabbricato rurale, rudere, vasca irrigua; si articola su un livello ed è ubicato su un lotto di terreno della superficie di mq. 3.690 tra coperto e scoperto. L&#8217;epoca di costruzione dell&#8217;immobile risale presumibilmente intorno all&#8217;anno 1950 ed in generale, ad oggi si presenta in un degradato stato di [...]Leggi di più... from S465-S466-S467 &#8211; Contrada Mortelle" />
<meta property="og:url" content="https://www.letteraemme.it/espropriponte/esproprio/s465-s466-s467/" />
<meta property="og:site_name" content="Espropri Ponte sullo Stretto" />
<meta property="article:modified_time" content="2023-10-25T19:47:42+00:00" />
<meta property="og:image" content="https://www.letteraemme.it/espropriponte/wp-content/uploads/2023/10/Screenshot-at-Oct-25-21-46-35.png" />
	<meta property="og:image:width" content="600" />
	<meta property="og:image:height" content="398" />
	<meta property="og:image:type" content="image/png" />
<meta name="twitter:card" content="summary_large_image" />
<meta name="twitter:label1" content="Tempo di lettura stimato" />
	<meta name="twitter:data1" content="1 minuto" />
<script type="application/ld+json" class="yoast-schema-graph">{"@context":"https://schema.org","@graph":[{"@type":"WebPage","@id":"https://www.letteraemme.it/espropriponte/esproprio/s465-s466-s467/","url":"https://www.letteraemme.it/espropriponte/esproprio/s465-s466-s467/","name":"S465-S466-S467 - Contrada Mortelle - Espropri Ponte sullo Stretto","isPartOf":{"@id":"https://www.letteraemme.it/espropriponte/#website"},"primaryImageOfPage":{"@id":"https://www.letteraemme.it/espropriponte/esproprio/s465-s466-s467/#primaryimage"},"image":{"@id":"https://www.letteraemme.it/espropriponte/esproprio/s465-s466-s467/#primaryimage"},"thumbnailUrl":"https://www.letteraemme.it/espropriponte/wp-content/uploads/2023/10/Screenshot-at-Oct-25-21-46-35.png","datePublished":"2023-10-25T19:41:07+00:00","dateModified":"2023-10-25T19:47:42+00:00","breadcrumb":{"@id":"https://www.letteraemme.it/espropriponte/esproprio/s465-s466-s467/#breadcrumb"},"inLanguage":"it-IT","potentialAction":[{"@type":"ReadAction","target":["https://www.letteraemme.it/espropriponte/esproprio/s465-s466-s467/"]}]},{"@type":"ImageObject","inLanguage":"it-IT","@id":"https://www.letteraemme.it/espropriponte/esproprio/s465-s466-s467/#primaryimage","url":"https://www.letteraemme.it/espropriponte/wp-content/uploads/2023/10/Screenshot-at-Oct-25-21-46-35.png","contentUrl":"https://www.letteraemme.it/espropriponte/wp-content/uploads/2023/10/Screenshot-at-Oct-25-21-46-35.png","width":600,"height":398},{"@type":"BreadcrumbList","@id":"https://www.letteraemme.it/espropriponte/esproprio/s465-s466-s467/#breadcrumb","itemListElement":[{"@type":"ListItem","position":1,"name":"Home","item":"https://www.letteraemme.it/espropriponte/"},{"@type":"ListItem","position":2,"name":"Espropri","item":"https://www.letteraemme.it/espropriponte/elenco-espropri/"},{"@type":"ListItem","position":3,"name":"S465-S466-S467 &#8211; Contrada Mortelle"}]},{"@type":"WebSite","@id":"https://www.letteraemme.it/espropriponte/#website","url":"https://www.letteraemme.it/espropriponte/","name":"Espropri Ponte sullo Stretto","description":"","publisher":{"@id":"https://www.letteraemme.it/espropriponte/#organization"},"potentialAction":[{"@type":"SearchAction","target":{"@type":"EntryPoint","urlTemplate":"https://www.letteraemme.it/espropriponte/?s={search_term_string}"},"query-input":"required name=search_term_string"}],"inLanguage":"it-IT"},{"@type":"Organization","@id":"https://www.letteraemme.it/espropriponte/#organization","name":"Espropri Ponte sullo Stretto","url":"https://www.letteraemme.it/espropriponte/","logo":{"@type":"ImageObject","inLanguage":"it-IT","@id":"https://www.letteraemme.it/espropriponte/#/schema/logo/image/","url":"https://www.letteraemme.it/espropriponte/wp-content/uploads/2023/11/ricerca.png","contentUrl":"https://www.letteraemme.it/espropriponte/wp-content/uploads/2023/11/ricerca.png","width":706,"height":708,"caption":"Espropri Ponte sullo Stretto"},"image":{"@id":"https://www.letteraemme.it/espropriponte/#/schema/logo/image/"}}]}</script>
<!-- / Yoast SEO plugin. -->

L&#8217;immobile in oggetto è prevalentemente destinato a: fabbricato rurale, rudere, vasca irrigua; si articola su un livello ed è ubicato su un lotto di terreno della superficie di mq. 3.690 tra coperto e scoperto. L&#8217;epoca di costruzione dell&#8217;immobile risale presumibilmente intorno all&#8217;anno 1950 ed in generale, ad oggi si presenta in un degradato stato di [...]Leggi di più... from S465-S466-S467 &#8211; Contrada Mortelle
