{"id":451,"date":"2023-10-24T23:03:58","date_gmt":"2023-10-24T21:03:58","guid":{"rendered":"https:\/\/www.letteraemme.it\/espropriponte\/esproprio\/s457-copy\/"},"modified":"2023-10-24T23:08:51","modified_gmt":"2023-10-24T21:08:51","slug":"s458-s459","status":"publish","type":"esproprio","link":"https:\/\/www.letteraemme.it\/espropriponte\/esproprio\/s458-s459\/","title":{"rendered":"S458-S459 &#8211; Contrada serri vill. Ganzirri,13"},"content":{"rendered":"<p>L&#8217;immobile in oggetto \u00e8 prevalentemente destinato a: civile abitazione, locale rustico; si articola su un livello ed \u00e8 ubicato su un lotto di terreno della superficie di mq. 2240 tra coperto e scoperto. L&#8217;epoca di costruzione dell&#8217;immobile risale presumibilmente intorno all&#8217;anno 1985 ed in generale, ad oggi si presenta in buono stato di conservazione e manutenzione. L&#8217;accessibilit\u00e0 dall&#8217;esterno avviene direttamente dal terreno mappale 1498. E&#8217; ubicato in zona semicentrale e in prossimit\u00e0 del mare, in una zona tipicamente turistica. L&#8217;altezza \u00e8 di circa 4 metri, la struttura portante \u00e8 in cemento armato, con un piano fuori terra e da 1 piano interrato, la finitura esterna \u00e8 in tinteggiatura, gli infissi sono in metallo. La recinzione \u00e8 costituita da muratura. La parte scoperta (corte) \u00e8 sistemata a giardino ed \u00e8 piantumata con siepi e piante ornamentali oltre a camminamenti pavimentati. Le superfici relative al fabbricato, al giardino, ai balconi ecc. sono ricavate dal fotogrammetrico.<\/p>\n","protected":false},"featured_media":453,"template":"","tags":[],"comune":[25],"tipologia":[85],"destinazione-prevalente":[35],"cata":[],"documento-di-riferimento":[14],"class_list":["post-451","esproprio","type-esproprio","status-publish","has-post-thumbnail","hentry","comune-messina-me","tipologia-rudere","destinazione-prevalente-rudere","documento-di-riferimento-viag012s_f1"],"acf":[],"yoast_head":"<!-- This site is optimized with the Yoast SEO plugin v22.4 - https:\/\/yoast.com\/wordpress\/plugins\/seo\/ -->\n<title>S458-S459 - Contrada serri vill. Ganzirri,13 - Espropri Ponte sullo Stretto<\/title>\n<meta name=\"robots\" content=\"index, follow, max-snippet:-1, max-image-preview:large, max-video-preview:-1\" \/>\n<link rel=\"canonical\" href=\"https:\/\/www.letteraemme.it\/espropriponte\/esproprio\/s458-s459\/\" \/>\n<meta property=\"og:locale\" content=\"it_IT\" \/>\n<meta property=\"og:type\" content=\"article\" \/>\n<meta property=\"og:title\" content=\"S458-S459 - Contrada serri vill. Ganzirri,13 - Espropri Ponte sullo Stretto\" \/>\n<meta property=\"og:description\" content=\"L&#8217;immobile in oggetto \u00e8 prevalentemente destinato a: civile abitazione, locale rustico; si articola su un livello ed \u00e8 ubicato su un lotto di terreno della superficie di mq. 2240 tra coperto e scoperto. L&#8217;epoca di costruzione dell&#8217;immobile risale presumibilmente intorno all&#8217;anno 1985 ed in generale, ad oggi si presenta in buono stato di conservazione e [...]Leggi di pi\u00f9... from S458-S459 &#8211; Contrada serri vill. Ganzirri,13\" \/>\n<meta property=\"og:url\" content=\"https:\/\/www.letteraemme.it\/espropriponte\/esproprio\/s458-s459\/\" \/>\n<meta property=\"og:site_name\" content=\"Espropri Ponte sullo Stretto\" \/>\n<meta property=\"article:modified_time\" content=\"2023-10-24T21:08:51+00:00\" \/>\n<meta property=\"og:image\" content=\"https:\/\/www.letteraemme.it\/espropriponte\/wp-content\/uploads\/2023\/10\/Screenshot-at-Oct-24-23-08-11.png\" \/>\n\t<meta property=\"og:image:width\" content=\"588\" \/>\n\t<meta property=\"og:image:height\" content=\"374\" \/>\n\t<meta property=\"og:image:type\" content=\"image\/png\" \/>\n<meta name=\"twitter:card\" content=\"summary_large_image\" \/>\n<meta name=\"twitter:label1\" content=\"Tempo di lettura stimato\" \/>\n\t<meta name=\"twitter:data1\" content=\"1 minuto\" \/>\n<script type=\"application\/ld+json\" class=\"yoast-schema-graph\">{\"@context\":\"https:\/\/schema.org\",\"@graph\":[{\"@type\":\"WebPage\",\"@id\":\"https:\/\/www.letteraemme.it\/espropriponte\/esproprio\/s458-s459\/\",\"url\":\"https:\/\/www.letteraemme.it\/espropriponte\/esproprio\/s458-s459\/\",\"name\":\"S458-S459 - Contrada serri vill. Ganzirri,13 - Espropri Ponte sullo Stretto\",\"isPartOf\":{\"@id\":\"https:\/\/www.letteraemme.it\/espropriponte\/#website\"},\"primaryImageOfPage\":{\"@id\":\"https:\/\/www.letteraemme.it\/espropriponte\/esproprio\/s458-s459\/#primaryimage\"},\"image\":{\"@id\":\"https:\/\/www.letteraemme.it\/espropriponte\/esproprio\/s458-s459\/#primaryimage\"},\"thumbnailUrl\":\"https:\/\/www.letteraemme.it\/espropriponte\/wp-content\/uploads\/2023\/10\/Screenshot-at-Oct-24-23-08-11.png\",\"datePublished\":\"2023-10-24T21:03:58+00:00\",\"dateModified\":\"2023-10-24T21:08:51+00:00\",\"breadcrumb\":{\"@id\":\"https:\/\/www.letteraemme.it\/espropriponte\/esproprio\/s458-s459\/#breadcrumb\"},\"inLanguage\":\"it-IT\",\"potentialAction\":[{\"@type\":\"ReadAction\",\"target\":[\"https:\/\/www.letteraemme.it\/espropriponte\/esproprio\/s458-s459\/\"]}]},{\"@type\":\"ImageObject\",\"inLanguage\":\"it-IT\",\"@id\":\"https:\/\/www.letteraemme.it\/espropriponte\/esproprio\/s458-s459\/#primaryimage\",\"url\":\"https:\/\/www.letteraemme.it\/espropriponte\/wp-content\/uploads\/2023\/10\/Screenshot-at-Oct-24-23-08-11.png\",\"contentUrl\":\"https:\/\/www.letteraemme.it\/espropriponte\/wp-content\/uploads\/2023\/10\/Screenshot-at-Oct-24-23-08-11.png\",\"width\":588,\"height\":374},{\"@type\":\"BreadcrumbList\",\"@id\":\"https:\/\/www.letteraemme.it\/espropriponte\/esproprio\/s458-s459\/#breadcrumb\",\"itemListElement\":[{\"@type\":\"ListItem\",\"position\":1,\"name\":\"Home\",\"item\":\"https:\/\/www.letteraemme.it\/espropriponte\/\"},{\"@type\":\"ListItem\",\"position\":2,\"name\":\"Espropri\",\"item\":\"https:\/\/www.letteraemme.it\/espropriponte\/elenco-espropri\/\"},{\"@type\":\"ListItem\",\"position\":3,\"name\":\"S458-S459 &#8211; Contrada serri vill. Ganzirri,13\"}]},{\"@type\":\"WebSite\",\"@id\":\"https:\/\/www.letteraemme.it\/espropriponte\/#website\",\"url\":\"https:\/\/www.letteraemme.it\/espropriponte\/\",\"name\":\"Espropri Ponte sullo Stretto\",\"description\":\"\",\"publisher\":{\"@id\":\"https:\/\/www.letteraemme.it\/espropriponte\/#organization\"},\"potentialAction\":[{\"@type\":\"SearchAction\",\"target\":{\"@type\":\"EntryPoint\",\"urlTemplate\":\"https:\/\/www.letteraemme.it\/espropriponte\/?s={search_term_string}\"},\"query-input\":\"required name=search_term_string\"}],\"inLanguage\":\"it-IT\"},{\"@type\":\"Organization\",\"@id\":\"https:\/\/www.letteraemme.it\/espropriponte\/#organization\",\"name\":\"Espropri Ponte sullo Stretto\",\"url\":\"https:\/\/www.letteraemme.it\/espropriponte\/\",\"logo\":{\"@type\":\"ImageObject\",\"inLanguage\":\"it-IT\",\"@id\":\"https:\/\/www.letteraemme.it\/espropriponte\/#\/schema\/logo\/image\/\",\"url\":\"https:\/\/www.letteraemme.it\/espropriponte\/wp-content\/uploads\/2023\/11\/ricerca.png\",\"contentUrl\":\"https:\/\/www.letteraemme.it\/espropriponte\/wp-content\/uploads\/2023\/11\/ricerca.png\",\"width\":706,\"height\":708,\"caption\":\"Espropri Ponte sullo Stretto\"},\"image\":{\"@id\":\"https:\/\/www.letteraemme.it\/espropriponte\/#\/schema\/logo\/image\/\"}}]}<\/script>\n<!-- \/ Yoast SEO plugin. -->","yoast_head_json":{"title":"S458-S459 - Contrada serri vill. Ganzirri,13 - Espropri Ponte sullo Stretto","robots":{"index":"index","follow":"follow","max-snippet":"max-snippet:-1","max-image-preview":"max-image-preview:large","max-video-preview":"max-video-preview:-1"},"canonical":"https:\/\/www.letteraemme.it\/espropriponte\/esproprio\/s458-s459\/","og_locale":"it_IT","og_type":"article","og_title":"S458-S459 - Contrada serri vill. Ganzirri,13 - Espropri Ponte sullo Stretto","og_description":"L&#8217;immobile in oggetto \u00e8 prevalentemente destinato a: civile abitazione, locale rustico; si articola su un livello ed \u00e8 ubicato su un lotto di terreno della superficie di mq. 2240 tra coperto e scoperto. L&#8217;epoca di costruzione dell&#8217;immobile risale presumibilmente intorno all&#8217;anno 1985 ed in generale, ad oggi si presenta in buono stato di conservazione e [...]Leggi di pi\u00f9... from S458-S459 &#8211; Contrada serri vill. Ganzirri,13","og_url":"https:\/\/www.letteraemme.it\/espropriponte\/esproprio\/s458-s459\/","og_site_name":"Espropri Ponte sullo Stretto","article_modified_time":"2023-10-24T21:08:51+00:00","og_image":[{"width":588,"height":374,"url":"https:\/\/www.letteraemme.it\/espropriponte\/wp-content\/uploads\/2023\/10\/Screenshot-at-Oct-24-23-08-11.png","type":"image\/png"}],"twitter_card":"summary_large_image","twitter_misc":{"Tempo di lettura stimato":"1 minuto"},"schema":{"@context":"https:\/\/schema.org","@graph":[{"@type":"WebPage","@id":"https:\/\/www.letteraemme.it\/espropriponte\/esproprio\/s458-s459\/","url":"https:\/\/www.letteraemme.it\/espropriponte\/esproprio\/s458-s459\/","name":"S458-S459 - Contrada serri vill. Ganzirri,13 - Espropri Ponte sullo Stretto","isPartOf":{"@id":"https:\/\/www.letteraemme.it\/espropriponte\/#website"},"primaryImageOfPage":{"@id":"https:\/\/www.letteraemme.it\/espropriponte\/esproprio\/s458-s459\/#primaryimage"},"image":{"@id":"https:\/\/www.letteraemme.it\/espropriponte\/esproprio\/s458-s459\/#primaryimage"},"thumbnailUrl":"https:\/\/www.letteraemme.it\/espropriponte\/wp-content\/uploads\/2023\/10\/Screenshot-at-Oct-24-23-08-11.png","datePublished":"2023-10-24T21:03:58+00:00","dateModified":"2023-10-24T21:08:51+00:00","breadcrumb":{"@id":"https:\/\/www.letteraemme.it\/espropriponte\/esproprio\/s458-s459\/#breadcrumb"},"inLanguage":"it-IT","potentialAction":[{"@type":"ReadAction","target":["https:\/\/www.letteraemme.it\/espropriponte\/esproprio\/s458-s459\/"]}]},{"@type":"ImageObject","inLanguage":"it-IT","@id":"https:\/\/www.letteraemme.it\/espropriponte\/esproprio\/s458-s459\/#primaryimage","url":"https:\/\/www.letteraemme.it\/espropriponte\/wp-content\/uploads\/2023\/10\/Screenshot-at-Oct-24-23-08-11.png","contentUrl":"https:\/\/www.letteraemme.it\/espropriponte\/wp-content\/uploads\/2023\/10\/Screenshot-at-Oct-24-23-08-11.png","width":588,"height":374},{"@type":"BreadcrumbList","@id":"https:\/\/www.letteraemme.it\/espropriponte\/esproprio\/s458-s459\/#breadcrumb","itemListElement":[{"@type":"ListItem","position":1,"name":"Home","item":"https:\/\/www.letteraemme.it\/espropriponte\/"},{"@type":"ListItem","position":2,"name":"Espropri","item":"https:\/\/www.letteraemme.it\/espropriponte\/elenco-espropri\/"},{"@type":"ListItem","position":3,"name":"S458-S459 &#8211; Contrada serri vill. Ganzirri,13"}]},{"@type":"WebSite","@id":"https:\/\/www.letteraemme.it\/espropriponte\/#website","url":"https:\/\/www.letteraemme.it\/espropriponte\/","name":"Espropri Ponte sullo Stretto","description":"","publisher":{"@id":"https:\/\/www.letteraemme.it\/espropriponte\/#organization"},"potentialAction":[{"@type":"SearchAction","target":{"@type":"EntryPoint","urlTemplate":"https:\/\/www.letteraemme.it\/espropriponte\/?s={search_term_string}"},"query-input":"required name=search_term_string"}],"inLanguage":"it-IT"},{"@type":"Organization","@id":"https:\/\/www.letteraemme.it\/espropriponte\/#organization","name":"Espropri Ponte sullo Stretto","url":"https:\/\/www.letteraemme.it\/espropriponte\/","logo":{"@type":"ImageObject","inLanguage":"it-IT","@id":"https:\/\/www.letteraemme.it\/espropriponte\/#\/schema\/logo\/image\/","url":"https:\/\/www.letteraemme.it\/espropriponte\/wp-content\/uploads\/2023\/11\/ricerca.png","contentUrl":"https:\/\/www.letteraemme.it\/espropriponte\/wp-content\/uploads\/2023\/11\/ricerca.png","width":706,"height":708,"caption":"Espropri Ponte sullo Stretto"},"image":{"@id":"https:\/\/www.letteraemme.it\/espropriponte\/#\/schema\/logo\/image\/"}}]}},"_links":{"self":[{"href":"https:\/\/www.letteraemme.it\/espropriponte\/wp-json\/wp\/v2\/esproprio\/451","targetHints":{"allow":["GET"]}}],"collection":[{"href":"https:\/\/www.letteraemme.it\/espropriponte\/wp-json\/wp\/v2\/esproprio"}],"about":[{"href":"https:\/\/www.letteraemme.it\/espropriponte\/wp-json\/wp\/v2\/types\/esproprio"}],"wp:featuredmedia":[{"embeddable":true,"href":"https:\/\/www.letteraemme.it\/espropriponte\/wp-json\/wp\/v2\/media\/453"}],"wp:attachment":[{"href":"https:\/\/www.letteraemme.it\/espropriponte\/wp-json\/wp\/v2\/media?parent=451"}],"wp:term":[{"taxonomy":"post_tag","embeddable":true,"href":"https:\/\/www.letteraemme.it\/espropriponte\/wp-json\/wp\/v2\/tags?post=451"},{"taxonomy":"comune","embeddable":true,"href":"https:\/\/www.letteraemme.it\/espropriponte\/wp-json\/wp\/v2\/comune?post=451"},{"taxonomy":"tipologia","embeddable":true,"href":"https:\/\/www.letteraemme.it\/espropriponte\/wp-json\/wp\/v2\/tipologia?post=451"},{"taxonomy":"destinazione-prevalente","embeddable":true,"href":"https:\/\/www.letteraemme.it\/espropriponte\/wp-json\/wp\/v2\/destinazione-prevalente?post=451"},{"taxonomy":"cata","embeddable":true,"href":"https:\/\/www.letteraemme.it\/espropriponte\/wp-json\/wp\/v2\/cata?post=451"},{"taxonomy":"documento-di-riferimento","embeddable":true,"href":"https:\/\/www.letteraemme.it\/espropriponte\/wp-json\/wp\/v2\/documento-di-riferimento?post=451"}],"curies":[{"name":"wp","href":"https:\/\/api.w.org\/{rel}","templated":true}]}}

<p>L&#8217;immobile in oggetto è prevalentemente destinato a: civile abitazione, locale rustico; si articola su un livello ed è ubicato su un lotto di terreno della superficie di mq. 2240 tra coperto e scoperto. L&#8217;epoca di costruzione dell&#8217;immobile risale presumibilmente intorno all&#8217;anno 1985 ed in generale, ad oggi si presenta in buono stato di conservazione e manutenzione. L&#8217;accessibilità dall&#8217;esterno avviene direttamente dal terreno mappale 1498. E&#8217; ubicato in zona semicentrale e in prossimità del mare, in una zona tipicamente turistica. L&#8217;altezza è di circa 4 metri, la struttura portante è in cemento armato, con un piano fuori terra e da 1 piano interrato, la finitura esterna è in tinteggiatura, gli infissi sono in metallo. La recinzione è costituita da muratura. La parte scoperta (corte) è sistemata a giardino ed è piantumata con siepi e piante ornamentali oltre a camminamenti pavimentati. Le superfici relative al fabbricato, al giardino, ai balconi ecc. sono ricavate dal fotogrammetrico.</p>

<!-- This site is optimized with the Yoast SEO plugin v22.4 - https://yoast.com/wordpress/plugins/seo/ -->
<title>S458-S459 - Contrada serri vill. Ganzirri,13 - Espropri Ponte sullo Stretto</title>
<meta name="robots" content="index, follow, max-snippet:-1, max-image-preview:large, max-video-preview:-1" />
<link rel="canonical" href="https://www.letteraemme.it/espropriponte/esproprio/s458-s459/" />
<meta property="og:locale" content="it_IT" />
<meta property="og:type" content="article" />
<meta property="og:title" content="S458-S459 - Contrada serri vill. Ganzirri,13 - Espropri Ponte sullo Stretto" />
<meta property="og:description" content="L&#8217;immobile in oggetto è prevalentemente destinato a: civile abitazione, locale rustico; si articola su un livello ed è ubicato su un lotto di terreno della superficie di mq. 2240 tra coperto e scoperto. L&#8217;epoca di costruzione dell&#8217;immobile risale presumibilmente intorno all&#8217;anno 1985 ed in generale, ad oggi si presenta in buono stato di conservazione e [...]Leggi di più... from S458-S459 &#8211; Contrada serri vill. Ganzirri,13" />
<meta property="og:url" content="https://www.letteraemme.it/espropriponte/esproprio/s458-s459/" />
<meta property="og:site_name" content="Espropri Ponte sullo Stretto" />
<meta property="article:modified_time" content="2023-10-24T21:08:51+00:00" />
<meta property="og:image" content="https://www.letteraemme.it/espropriponte/wp-content/uploads/2023/10/Screenshot-at-Oct-24-23-08-11.png" />
	<meta property="og:image:width" content="588" />
	<meta property="og:image:height" content="374" />
	<meta property="og:image:type" content="image/png" />
<meta name="twitter:card" content="summary_large_image" />
<meta name="twitter:label1" content="Tempo di lettura stimato" />
	<meta name="twitter:data1" content="1 minuto" />
<script type="application/ld+json" class="yoast-schema-graph">{"@context":"https://schema.org","@graph":[{"@type":"WebPage","@id":"https://www.letteraemme.it/espropriponte/esproprio/s458-s459/","url":"https://www.letteraemme.it/espropriponte/esproprio/s458-s459/","name":"S458-S459 - Contrada serri vill. Ganzirri,13 - Espropri Ponte sullo Stretto","isPartOf":{"@id":"https://www.letteraemme.it/espropriponte/#website"},"primaryImageOfPage":{"@id":"https://www.letteraemme.it/espropriponte/esproprio/s458-s459/#primaryimage"},"image":{"@id":"https://www.letteraemme.it/espropriponte/esproprio/s458-s459/#primaryimage"},"thumbnailUrl":"https://www.letteraemme.it/espropriponte/wp-content/uploads/2023/10/Screenshot-at-Oct-24-23-08-11.png","datePublished":"2023-10-24T21:03:58+00:00","dateModified":"2023-10-24T21:08:51+00:00","breadcrumb":{"@id":"https://www.letteraemme.it/espropriponte/esproprio/s458-s459/#breadcrumb"},"inLanguage":"it-IT","potentialAction":[{"@type":"ReadAction","target":["https://www.letteraemme.it/espropriponte/esproprio/s458-s459/"]}]},{"@type":"ImageObject","inLanguage":"it-IT","@id":"https://www.letteraemme.it/espropriponte/esproprio/s458-s459/#primaryimage","url":"https://www.letteraemme.it/espropriponte/wp-content/uploads/2023/10/Screenshot-at-Oct-24-23-08-11.png","contentUrl":"https://www.letteraemme.it/espropriponte/wp-content/uploads/2023/10/Screenshot-at-Oct-24-23-08-11.png","width":588,"height":374},{"@type":"BreadcrumbList","@id":"https://www.letteraemme.it/espropriponte/esproprio/s458-s459/#breadcrumb","itemListElement":[{"@type":"ListItem","position":1,"name":"Home","item":"https://www.letteraemme.it/espropriponte/"},{"@type":"ListItem","position":2,"name":"Espropri","item":"https://www.letteraemme.it/espropriponte/elenco-espropri/"},{"@type":"ListItem","position":3,"name":"S458-S459 &#8211; Contrada serri vill. Ganzirri,13"}]},{"@type":"WebSite","@id":"https://www.letteraemme.it/espropriponte/#website","url":"https://www.letteraemme.it/espropriponte/","name":"Espropri Ponte sullo Stretto","description":"","publisher":{"@id":"https://www.letteraemme.it/espropriponte/#organization"},"potentialAction":[{"@type":"SearchAction","target":{"@type":"EntryPoint","urlTemplate":"https://www.letteraemme.it/espropriponte/?s={search_term_string}"},"query-input":"required name=search_term_string"}],"inLanguage":"it-IT"},{"@type":"Organization","@id":"https://www.letteraemme.it/espropriponte/#organization","name":"Espropri Ponte sullo Stretto","url":"https://www.letteraemme.it/espropriponte/","logo":{"@type":"ImageObject","inLanguage":"it-IT","@id":"https://www.letteraemme.it/espropriponte/#/schema/logo/image/","url":"https://www.letteraemme.it/espropriponte/wp-content/uploads/2023/11/ricerca.png","contentUrl":"https://www.letteraemme.it/espropriponte/wp-content/uploads/2023/11/ricerca.png","width":706,"height":708,"caption":"Espropri Ponte sullo Stretto"},"image":{"@id":"https://www.letteraemme.it/espropriponte/#/schema/logo/image/"}}]}</script>
<!-- / Yoast SEO plugin. -->

L&#8217;immobile in oggetto è prevalentemente destinato a: civile abitazione, locale rustico; si articola su un livello ed è ubicato su un lotto di terreno della superficie di mq. 2240 tra coperto e scoperto. L&#8217;epoca di costruzione dell&#8217;immobile risale presumibilmente intorno all&#8217;anno 1985 ed in generale, ad oggi si presenta in buono stato di conservazione e [...]Leggi di più... from S458-S459 &#8211; Contrada serri vill. Ganzirri,13
