{"id":359,"date":"2023-10-17T18:44:38","date_gmt":"2023-10-17T16:44:38","guid":{"rendered":"https:\/\/www.letteraemme.it\/espropriponte\/?post_type=esproprio&#038;p=359"},"modified":"2023-10-17T18:44:38","modified_gmt":"2023-10-17T16:44:38","slug":"s323-via-due-torri","status":"publish","type":"esproprio","link":"https:\/\/www.letteraemme.it\/espropriponte\/esproprio\/s323-via-due-torri\/","title":{"rendered":"S323 &#8211; Via Due Torri"},"content":{"rendered":"<p>L&#8217;immobile in oggetto \u00e8 prevalentemente destinato a: fabbricato rurale; si articola su un livello ed \u00e8 ubicato su un lotto di terreno della superficie di mq. 18.875 tra coperto e scoperto. L&#8217;epoca di costruzione dell&#8217;immobile risale presumibilmente intorno all&#8217;anno 1960 ed in generale, ad oggi si presenta in un degradato stato di conservazione e manutenzione. L&#8217;accessibilit\u00e0 dall&#8217;esterno avviene direttamente dal mappale 159. E&#8217; ubicato in zona semicentrale collinare e in prossimit\u00e0 del mare, in una zona tipicamente turistica. L&#8217;altezza \u00e8 di circa 3 metri, la struttura portante \u00e8 in muratura, con un piano fuori terra, la finitura esterna \u00e8 in grezzo, gli infissi sono in metallo. Le superfici relative al fabbricato, ecc. sono ricavate dal fotogrammetrico.<\/p>\n","protected":false},"featured_media":360,"template":"","tags":[],"comune":[25],"tipologia":[30],"destinazione-prevalente":[],"cata":[],"documento-di-riferimento":[14],"class_list":["post-359","esproprio","type-esproprio","status-publish","has-post-thumbnail","hentry","comune-messina-me","tipologia-fabbricato-rurale","documento-di-riferimento-viag012s_f1"],"acf":[],"yoast_head":"<!-- This site is optimized with the Yoast SEO plugin v22.4 - https:\/\/yoast.com\/wordpress\/plugins\/seo\/ -->\n<title>S323 - Via Due Torri - Espropri Ponte sullo Stretto<\/title>\n<meta name=\"robots\" content=\"index, follow, max-snippet:-1, max-image-preview:large, max-video-preview:-1\" \/>\n<link rel=\"canonical\" href=\"https:\/\/www.letteraemme.it\/espropriponte\/esproprio\/s323-via-due-torri\/\" \/>\n<meta property=\"og:locale\" content=\"it_IT\" \/>\n<meta property=\"og:type\" content=\"article\" \/>\n<meta property=\"og:title\" content=\"S323 - Via Due Torri - Espropri Ponte sullo Stretto\" \/>\n<meta property=\"og:description\" content=\"L&#8217;immobile in oggetto \u00e8 prevalentemente destinato a: fabbricato rurale; si articola su un livello ed \u00e8 ubicato su un lotto di terreno della superficie di mq. 18.875 tra coperto e scoperto. L&#8217;epoca di costruzione dell&#8217;immobile risale presumibilmente intorno all&#8217;anno 1960 ed in generale, ad oggi si presenta in un degradato stato di conservazione e manutenzione. [...]Leggi di pi\u00f9... from S323 &#8211; Via Due Torri\" \/>\n<meta property=\"og:url\" content=\"https:\/\/www.letteraemme.it\/espropriponte\/esproprio\/s323-via-due-torri\/\" \/>\n<meta property=\"og:site_name\" content=\"Espropri Ponte sullo Stretto\" \/>\n<meta property=\"og:image\" content=\"https:\/\/www.letteraemme.it\/espropriponte\/wp-content\/uploads\/2023\/10\/Screenshot-at-Oct-17-18-44-16.png\" \/>\n\t<meta property=\"og:image:width\" content=\"544\" \/>\n\t<meta property=\"og:image:height\" content=\"336\" \/>\n\t<meta property=\"og:image:type\" content=\"image\/png\" \/>\n<meta name=\"twitter:card\" content=\"summary_large_image\" \/>\n<meta name=\"twitter:label1\" content=\"Tempo di lettura stimato\" \/>\n\t<meta name=\"twitter:data1\" content=\"1 minuto\" \/>\n<script type=\"application\/ld+json\" class=\"yoast-schema-graph\">{\"@context\":\"https:\/\/schema.org\",\"@graph\":[{\"@type\":\"WebPage\",\"@id\":\"https:\/\/www.letteraemme.it\/espropriponte\/esproprio\/s323-via-due-torri\/\",\"url\":\"https:\/\/www.letteraemme.it\/espropriponte\/esproprio\/s323-via-due-torri\/\",\"name\":\"S323 - Via Due Torri - Espropri Ponte sullo Stretto\",\"isPartOf\":{\"@id\":\"https:\/\/www.letteraemme.it\/espropriponte\/#website\"},\"primaryImageOfPage\":{\"@id\":\"https:\/\/www.letteraemme.it\/espropriponte\/esproprio\/s323-via-due-torri\/#primaryimage\"},\"image\":{\"@id\":\"https:\/\/www.letteraemme.it\/espropriponte\/esproprio\/s323-via-due-torri\/#primaryimage\"},\"thumbnailUrl\":\"https:\/\/www.letteraemme.it\/espropriponte\/wp-content\/uploads\/2023\/10\/Screenshot-at-Oct-17-18-44-16.png\",\"datePublished\":\"2023-10-17T16:44:38+00:00\",\"dateModified\":\"2023-10-17T16:44:38+00:00\",\"breadcrumb\":{\"@id\":\"https:\/\/www.letteraemme.it\/espropriponte\/esproprio\/s323-via-due-torri\/#breadcrumb\"},\"inLanguage\":\"it-IT\",\"potentialAction\":[{\"@type\":\"ReadAction\",\"target\":[\"https:\/\/www.letteraemme.it\/espropriponte\/esproprio\/s323-via-due-torri\/\"]}]},{\"@type\":\"ImageObject\",\"inLanguage\":\"it-IT\",\"@id\":\"https:\/\/www.letteraemme.it\/espropriponte\/esproprio\/s323-via-due-torri\/#primaryimage\",\"url\":\"https:\/\/www.letteraemme.it\/espropriponte\/wp-content\/uploads\/2023\/10\/Screenshot-at-Oct-17-18-44-16.png\",\"contentUrl\":\"https:\/\/www.letteraemme.it\/espropriponte\/wp-content\/uploads\/2023\/10\/Screenshot-at-Oct-17-18-44-16.png\",\"width\":544,\"height\":336},{\"@type\":\"BreadcrumbList\",\"@id\":\"https:\/\/www.letteraemme.it\/espropriponte\/esproprio\/s323-via-due-torri\/#breadcrumb\",\"itemListElement\":[{\"@type\":\"ListItem\",\"position\":1,\"name\":\"Home\",\"item\":\"https:\/\/www.letteraemme.it\/espropriponte\/\"},{\"@type\":\"ListItem\",\"position\":2,\"name\":\"Espropri\",\"item\":\"https:\/\/www.letteraemme.it\/espropriponte\/elenco-espropri\/\"},{\"@type\":\"ListItem\",\"position\":3,\"name\":\"S323 &#8211; Via Due Torri\"}]},{\"@type\":\"WebSite\",\"@id\":\"https:\/\/www.letteraemme.it\/espropriponte\/#website\",\"url\":\"https:\/\/www.letteraemme.it\/espropriponte\/\",\"name\":\"Espropri Ponte sullo Stretto\",\"description\":\"\",\"publisher\":{\"@id\":\"https:\/\/www.letteraemme.it\/espropriponte\/#organization\"},\"potentialAction\":[{\"@type\":\"SearchAction\",\"target\":{\"@type\":\"EntryPoint\",\"urlTemplate\":\"https:\/\/www.letteraemme.it\/espropriponte\/?s={search_term_string}\"},\"query-input\":\"required name=search_term_string\"}],\"inLanguage\":\"it-IT\"},{\"@type\":\"Organization\",\"@id\":\"https:\/\/www.letteraemme.it\/espropriponte\/#organization\",\"name\":\"Espropri Ponte sullo Stretto\",\"url\":\"https:\/\/www.letteraemme.it\/espropriponte\/\",\"logo\":{\"@type\":\"ImageObject\",\"inLanguage\":\"it-IT\",\"@id\":\"https:\/\/www.letteraemme.it\/espropriponte\/#\/schema\/logo\/image\/\",\"url\":\"https:\/\/www.letteraemme.it\/espropriponte\/wp-content\/uploads\/2023\/11\/ricerca.png\",\"contentUrl\":\"https:\/\/www.letteraemme.it\/espropriponte\/wp-content\/uploads\/2023\/11\/ricerca.png\",\"width\":706,\"height\":708,\"caption\":\"Espropri Ponte sullo Stretto\"},\"image\":{\"@id\":\"https:\/\/www.letteraemme.it\/espropriponte\/#\/schema\/logo\/image\/\"}}]}<\/script>\n<!-- \/ Yoast SEO plugin. -->","yoast_head_json":{"title":"S323 - Via Due Torri - Espropri Ponte sullo Stretto","robots":{"index":"index","follow":"follow","max-snippet":"max-snippet:-1","max-image-preview":"max-image-preview:large","max-video-preview":"max-video-preview:-1"},"canonical":"https:\/\/www.letteraemme.it\/espropriponte\/esproprio\/s323-via-due-torri\/","og_locale":"it_IT","og_type":"article","og_title":"S323 - Via Due Torri - Espropri Ponte sullo Stretto","og_description":"L&#8217;immobile in oggetto \u00e8 prevalentemente destinato a: fabbricato rurale; si articola su un livello ed \u00e8 ubicato su un lotto di terreno della superficie di mq. 18.875 tra coperto e scoperto. L&#8217;epoca di costruzione dell&#8217;immobile risale presumibilmente intorno all&#8217;anno 1960 ed in generale, ad oggi si presenta in un degradato stato di conservazione e manutenzione. [...]Leggi di pi\u00f9... from S323 &#8211; Via Due Torri","og_url":"https:\/\/www.letteraemme.it\/espropriponte\/esproprio\/s323-via-due-torri\/","og_site_name":"Espropri Ponte sullo Stretto","og_image":[{"width":544,"height":336,"url":"https:\/\/www.letteraemme.it\/espropriponte\/wp-content\/uploads\/2023\/10\/Screenshot-at-Oct-17-18-44-16.png","type":"image\/png"}],"twitter_card":"summary_large_image","twitter_misc":{"Tempo di lettura stimato":"1 minuto"},"schema":{"@context":"https:\/\/schema.org","@graph":[{"@type":"WebPage","@id":"https:\/\/www.letteraemme.it\/espropriponte\/esproprio\/s323-via-due-torri\/","url":"https:\/\/www.letteraemme.it\/espropriponte\/esproprio\/s323-via-due-torri\/","name":"S323 - Via Due Torri - Espropri Ponte sullo Stretto","isPartOf":{"@id":"https:\/\/www.letteraemme.it\/espropriponte\/#website"},"primaryImageOfPage":{"@id":"https:\/\/www.letteraemme.it\/espropriponte\/esproprio\/s323-via-due-torri\/#primaryimage"},"image":{"@id":"https:\/\/www.letteraemme.it\/espropriponte\/esproprio\/s323-via-due-torri\/#primaryimage"},"thumbnailUrl":"https:\/\/www.letteraemme.it\/espropriponte\/wp-content\/uploads\/2023\/10\/Screenshot-at-Oct-17-18-44-16.png","datePublished":"2023-10-17T16:44:38+00:00","dateModified":"2023-10-17T16:44:38+00:00","breadcrumb":{"@id":"https:\/\/www.letteraemme.it\/espropriponte\/esproprio\/s323-via-due-torri\/#breadcrumb"},"inLanguage":"it-IT","potentialAction":[{"@type":"ReadAction","target":["https:\/\/www.letteraemme.it\/espropriponte\/esproprio\/s323-via-due-torri\/"]}]},{"@type":"ImageObject","inLanguage":"it-IT","@id":"https:\/\/www.letteraemme.it\/espropriponte\/esproprio\/s323-via-due-torri\/#primaryimage","url":"https:\/\/www.letteraemme.it\/espropriponte\/wp-content\/uploads\/2023\/10\/Screenshot-at-Oct-17-18-44-16.png","contentUrl":"https:\/\/www.letteraemme.it\/espropriponte\/wp-content\/uploads\/2023\/10\/Screenshot-at-Oct-17-18-44-16.png","width":544,"height":336},{"@type":"BreadcrumbList","@id":"https:\/\/www.letteraemme.it\/espropriponte\/esproprio\/s323-via-due-torri\/#breadcrumb","itemListElement":[{"@type":"ListItem","position":1,"name":"Home","item":"https:\/\/www.letteraemme.it\/espropriponte\/"},{"@type":"ListItem","position":2,"name":"Espropri","item":"https:\/\/www.letteraemme.it\/espropriponte\/elenco-espropri\/"},{"@type":"ListItem","position":3,"name":"S323 &#8211; Via Due Torri"}]},{"@type":"WebSite","@id":"https:\/\/www.letteraemme.it\/espropriponte\/#website","url":"https:\/\/www.letteraemme.it\/espropriponte\/","name":"Espropri Ponte sullo Stretto","description":"","publisher":{"@id":"https:\/\/www.letteraemme.it\/espropriponte\/#organization"},"potentialAction":[{"@type":"SearchAction","target":{"@type":"EntryPoint","urlTemplate":"https:\/\/www.letteraemme.it\/espropriponte\/?s={search_term_string}"},"query-input":"required name=search_term_string"}],"inLanguage":"it-IT"},{"@type":"Organization","@id":"https:\/\/www.letteraemme.it\/espropriponte\/#organization","name":"Espropri Ponte sullo Stretto","url":"https:\/\/www.letteraemme.it\/espropriponte\/","logo":{"@type":"ImageObject","inLanguage":"it-IT","@id":"https:\/\/www.letteraemme.it\/espropriponte\/#\/schema\/logo\/image\/","url":"https:\/\/www.letteraemme.it\/espropriponte\/wp-content\/uploads\/2023\/11\/ricerca.png","contentUrl":"https:\/\/www.letteraemme.it\/espropriponte\/wp-content\/uploads\/2023\/11\/ricerca.png","width":706,"height":708,"caption":"Espropri Ponte sullo Stretto"},"image":{"@id":"https:\/\/www.letteraemme.it\/espropriponte\/#\/schema\/logo\/image\/"}}]}},"_links":{"self":[{"href":"https:\/\/www.letteraemme.it\/espropriponte\/wp-json\/wp\/v2\/esproprio\/359","targetHints":{"allow":["GET"]}}],"collection":[{"href":"https:\/\/www.letteraemme.it\/espropriponte\/wp-json\/wp\/v2\/esproprio"}],"about":[{"href":"https:\/\/www.letteraemme.it\/espropriponte\/wp-json\/wp\/v2\/types\/esproprio"}],"wp:featuredmedia":[{"embeddable":true,"href":"https:\/\/www.letteraemme.it\/espropriponte\/wp-json\/wp\/v2\/media\/360"}],"wp:attachment":[{"href":"https:\/\/www.letteraemme.it\/espropriponte\/wp-json\/wp\/v2\/media?parent=359"}],"wp:term":[{"taxonomy":"post_tag","embeddable":true,"href":"https:\/\/www.letteraemme.it\/espropriponte\/wp-json\/wp\/v2\/tags?post=359"},{"taxonomy":"comune","embeddable":true,"href":"https:\/\/www.letteraemme.it\/espropriponte\/wp-json\/wp\/v2\/comune?post=359"},{"taxonomy":"tipologia","embeddable":true,"href":"https:\/\/www.letteraemme.it\/espropriponte\/wp-json\/wp\/v2\/tipologia?post=359"},{"taxonomy":"destinazione-prevalente","embeddable":true,"href":"https:\/\/www.letteraemme.it\/espropriponte\/wp-json\/wp\/v2\/destinazione-prevalente?post=359"},{"taxonomy":"cata","embeddable":true,"href":"https:\/\/www.letteraemme.it\/espropriponte\/wp-json\/wp\/v2\/cata?post=359"},{"taxonomy":"documento-di-riferimento","embeddable":true,"href":"https:\/\/www.letteraemme.it\/espropriponte\/wp-json\/wp\/v2\/documento-di-riferimento?post=359"}],"curies":[{"name":"wp","href":"https:\/\/api.w.org\/{rel}","templated":true}]}}

<p>L&#8217;immobile in oggetto è prevalentemente destinato a: fabbricato rurale; si articola su un livello ed è ubicato su un lotto di terreno della superficie di mq. 18.875 tra coperto e scoperto. L&#8217;epoca di costruzione dell&#8217;immobile risale presumibilmente intorno all&#8217;anno 1960 ed in generale, ad oggi si presenta in un degradato stato di conservazione e manutenzione. L&#8217;accessibilità dall&#8217;esterno avviene direttamente dal mappale 159. E&#8217; ubicato in zona semicentrale collinare e in prossimità del mare, in una zona tipicamente turistica. L&#8217;altezza è di circa 3 metri, la struttura portante è in muratura, con un piano fuori terra, la finitura esterna è in grezzo, gli infissi sono in metallo. Le superfici relative al fabbricato, ecc. sono ricavate dal fotogrammetrico.</p>

<!-- This site is optimized with the Yoast SEO plugin v22.4 - https://yoast.com/wordpress/plugins/seo/ -->
<title>S323 - Via Due Torri - Espropri Ponte sullo Stretto</title>
<meta name="robots" content="index, follow, max-snippet:-1, max-image-preview:large, max-video-preview:-1" />
<link rel="canonical" href="https://www.letteraemme.it/espropriponte/esproprio/s323-via-due-torri/" />
<meta property="og:locale" content="it_IT" />
<meta property="og:type" content="article" />
<meta property="og:title" content="S323 - Via Due Torri - Espropri Ponte sullo Stretto" />
<meta property="og:description" content="L&#8217;immobile in oggetto è prevalentemente destinato a: fabbricato rurale; si articola su un livello ed è ubicato su un lotto di terreno della superficie di mq. 18.875 tra coperto e scoperto. L&#8217;epoca di costruzione dell&#8217;immobile risale presumibilmente intorno all&#8217;anno 1960 ed in generale, ad oggi si presenta in un degradato stato di conservazione e manutenzione. [...]Leggi di più... from S323 &#8211; Via Due Torri" />
<meta property="og:url" content="https://www.letteraemme.it/espropriponte/esproprio/s323-via-due-torri/" />
<meta property="og:site_name" content="Espropri Ponte sullo Stretto" />
<meta property="og:image" content="https://www.letteraemme.it/espropriponte/wp-content/uploads/2023/10/Screenshot-at-Oct-17-18-44-16.png" />
	<meta property="og:image:width" content="544" />
	<meta property="og:image:height" content="336" />
	<meta property="og:image:type" content="image/png" />
<meta name="twitter:card" content="summary_large_image" />
<meta name="twitter:label1" content="Tempo di lettura stimato" />
	<meta name="twitter:data1" content="1 minuto" />
<script type="application/ld+json" class="yoast-schema-graph">{"@context":"https://schema.org","@graph":[{"@type":"WebPage","@id":"https://www.letteraemme.it/espropriponte/esproprio/s323-via-due-torri/","url":"https://www.letteraemme.it/espropriponte/esproprio/s323-via-due-torri/","name":"S323 - Via Due Torri - Espropri Ponte sullo Stretto","isPartOf":{"@id":"https://www.letteraemme.it/espropriponte/#website"},"primaryImageOfPage":{"@id":"https://www.letteraemme.it/espropriponte/esproprio/s323-via-due-torri/#primaryimage"},"image":{"@id":"https://www.letteraemme.it/espropriponte/esproprio/s323-via-due-torri/#primaryimage"},"thumbnailUrl":"https://www.letteraemme.it/espropriponte/wp-content/uploads/2023/10/Screenshot-at-Oct-17-18-44-16.png","datePublished":"2023-10-17T16:44:38+00:00","dateModified":"2023-10-17T16:44:38+00:00","breadcrumb":{"@id":"https://www.letteraemme.it/espropriponte/esproprio/s323-via-due-torri/#breadcrumb"},"inLanguage":"it-IT","potentialAction":[{"@type":"ReadAction","target":["https://www.letteraemme.it/espropriponte/esproprio/s323-via-due-torri/"]}]},{"@type":"ImageObject","inLanguage":"it-IT","@id":"https://www.letteraemme.it/espropriponte/esproprio/s323-via-due-torri/#primaryimage","url":"https://www.letteraemme.it/espropriponte/wp-content/uploads/2023/10/Screenshot-at-Oct-17-18-44-16.png","contentUrl":"https://www.letteraemme.it/espropriponte/wp-content/uploads/2023/10/Screenshot-at-Oct-17-18-44-16.png","width":544,"height":336},{"@type":"BreadcrumbList","@id":"https://www.letteraemme.it/espropriponte/esproprio/s323-via-due-torri/#breadcrumb","itemListElement":[{"@type":"ListItem","position":1,"name":"Home","item":"https://www.letteraemme.it/espropriponte/"},{"@type":"ListItem","position":2,"name":"Espropri","item":"https://www.letteraemme.it/espropriponte/elenco-espropri/"},{"@type":"ListItem","position":3,"name":"S323 &#8211; Via Due Torri"}]},{"@type":"WebSite","@id":"https://www.letteraemme.it/espropriponte/#website","url":"https://www.letteraemme.it/espropriponte/","name":"Espropri Ponte sullo Stretto","description":"","publisher":{"@id":"https://www.letteraemme.it/espropriponte/#organization"},"potentialAction":[{"@type":"SearchAction","target":{"@type":"EntryPoint","urlTemplate":"https://www.letteraemme.it/espropriponte/?s={search_term_string}"},"query-input":"required name=search_term_string"}],"inLanguage":"it-IT"},{"@type":"Organization","@id":"https://www.letteraemme.it/espropriponte/#organization","name":"Espropri Ponte sullo Stretto","url":"https://www.letteraemme.it/espropriponte/","logo":{"@type":"ImageObject","inLanguage":"it-IT","@id":"https://www.letteraemme.it/espropriponte/#/schema/logo/image/","url":"https://www.letteraemme.it/espropriponte/wp-content/uploads/2023/11/ricerca.png","contentUrl":"https://www.letteraemme.it/espropriponte/wp-content/uploads/2023/11/ricerca.png","width":706,"height":708,"caption":"Espropri Ponte sullo Stretto"},"image":{"@id":"https://www.letteraemme.it/espropriponte/#/schema/logo/image/"}}]}</script>
<!-- / Yoast SEO plugin. -->

L&#8217;immobile in oggetto è prevalentemente destinato a: fabbricato rurale; si articola su un livello ed è ubicato su un lotto di terreno della superficie di mq. 18.875 tra coperto e scoperto. L&#8217;epoca di costruzione dell&#8217;immobile risale presumibilmente intorno all&#8217;anno 1960 ed in generale, ad oggi si presenta in un degradato stato di conservazione e manutenzione. [...]Leggi di più... from S323 &#8211; Via Due Torri
