{"id":298,"date":"2023-10-15T14:09:44","date_gmt":"2023-10-15T12:09:44","guid":{"rendered":"https:\/\/www.letteraemme.it\/espropriponte\/?post_type=esproprio&#038;p=298"},"modified":"2023-10-15T14:10:23","modified_gmt":"2023-10-15T12:10:23","slug":"s239-s277-via-circuito-192-residence-torre-faro","status":"publish","type":"esproprio","link":"https:\/\/www.letteraemme.it\/espropriponte\/esproprio\/s239-s277-via-circuito-192-residence-torre-faro\/","title":{"rendered":"S239-S277 &#8211; Via Circuito, 192 (Residence Torre Faro)"},"content":{"rendered":"<p>L&#8217;immobile in oggetto \u00e8 prevalentemente destinato a: civile abitazione; si articola su due livelli ed il fabbricato \u00e8 ubicato su un lotto di terreno della superficie di mq. 542 tra coperto e scoperto, sul quale insiste anche un garage (S277), all&#8217;interno del \u201cResidence Torre Faro\u201d. L&#8217;epoca di costruzione dell&#8217;immobile risale presumibilmente intorno all&#8217;anno 1990 ed in generale, ad oggi si presenta in un ottimo stato di conservazione e manutenzione. L&#8217;accessibilit\u00e0 dall&#8217;esterno \u00e8 garantita da un cancello pedonale e carrabile. E&#8217; ubicato in zona semicentrale e in prossimit\u00e0 del mare da cui \u00e8 separato da una strada pubblica, in una zona tipicamente turistica. L&#8217;altezza \u00e8 di circa 6 metri, la struttura portante \u00e8 in cemento armato, con n. 2 piani fuori terra e da 1 piano interrato, la finitura esterna \u00e8 in tinteggiatura, gli infissi sono in legno, la struttura del garage \u00e8 in cemento armato, la finitura esterna \u00e8 in tinteggiatura, gli infissi sono in metallo. La recinzione \u00e8 costituita da muratura. La parte scoperta (corte) \u00e8 sistemata a giardino ed \u00e8 piantumata con siepi e piante ornamentali oltre a camminamenti pavimentati. Le superfici relative al fabbricato, al giardino, ai balconi ecc. sono ricavate dal fotogrammetrico.<\/p>\n","protected":false},"featured_media":299,"template":"","tags":[],"comune":[25],"tipologia":[8],"destinazione-prevalente":[13],"cata":[],"documento-di-riferimento":[14],"class_list":["post-298","esproprio","type-esproprio","status-publish","has-post-thumbnail","hentry","comune-messina-me","tipologia-villa-villino","destinazione-prevalente-civile-abitazione","documento-di-riferimento-viag012s_f1"],"acf":[],"yoast_head":"<!-- This site is optimized with the Yoast SEO plugin v22.4 - https:\/\/yoast.com\/wordpress\/plugins\/seo\/ -->\n<title>S239-S277 - Via Circuito, 192 (Residence Torre Faro) - Espropri Ponte sullo Stretto<\/title>\n<meta name=\"robots\" content=\"index, follow, max-snippet:-1, max-image-preview:large, max-video-preview:-1\" \/>\n<link rel=\"canonical\" href=\"https:\/\/www.letteraemme.it\/espropriponte\/esproprio\/s239-s277-via-circuito-192-residence-torre-faro\/\" \/>\n<meta property=\"og:locale\" content=\"it_IT\" \/>\n<meta property=\"og:type\" content=\"article\" \/>\n<meta property=\"og:title\" content=\"S239-S277 - Via Circuito, 192 (Residence Torre Faro) - Espropri Ponte sullo Stretto\" \/>\n<meta property=\"og:description\" content=\"L&#8217;immobile in oggetto \u00e8 prevalentemente destinato a: civile abitazione; si articola su due livelli ed il fabbricato \u00e8 ubicato su un lotto di terreno della superficie di mq. 542 tra coperto e scoperto, sul quale insiste anche un garage (S277), all&#8217;interno del \u201cResidence Torre Faro\u201d. L&#8217;epoca di costruzione dell&#8217;immobile risale presumibilmente intorno all&#8217;anno 1990 ed [...]Leggi di pi\u00f9... from S239-S277 &#8211; Via Circuito, 192 (Residence Torre Faro)\" \/>\n<meta property=\"og:url\" content=\"https:\/\/www.letteraemme.it\/espropriponte\/esproprio\/s239-s277-via-circuito-192-residence-torre-faro\/\" \/>\n<meta property=\"og:site_name\" content=\"Espropri Ponte sullo Stretto\" \/>\n<meta property=\"article:modified_time\" content=\"2023-10-15T12:10:23+00:00\" \/>\n<meta property=\"og:image\" content=\"https:\/\/www.letteraemme.it\/espropriponte\/wp-content\/uploads\/2023\/10\/Screenshot-at-Oct-15-14-09-25.png\" \/>\n\t<meta property=\"og:image:width\" content=\"610\" \/>\n\t<meta property=\"og:image:height\" content=\"384\" \/>\n\t<meta property=\"og:image:type\" content=\"image\/png\" \/>\n<meta name=\"twitter:card\" content=\"summary_large_image\" \/>\n<meta name=\"twitter:label1\" content=\"Tempo di lettura stimato\" \/>\n\t<meta name=\"twitter:data1\" content=\"1 minuto\" \/>\n<script type=\"application\/ld+json\" class=\"yoast-schema-graph\">{\"@context\":\"https:\/\/schema.org\",\"@graph\":[{\"@type\":\"WebPage\",\"@id\":\"https:\/\/www.letteraemme.it\/espropriponte\/esproprio\/s239-s277-via-circuito-192-residence-torre-faro\/\",\"url\":\"https:\/\/www.letteraemme.it\/espropriponte\/esproprio\/s239-s277-via-circuito-192-residence-torre-faro\/\",\"name\":\"S239-S277 - Via Circuito, 192 (Residence Torre Faro) - Espropri Ponte sullo Stretto\",\"isPartOf\":{\"@id\":\"https:\/\/www.letteraemme.it\/espropriponte\/#website\"},\"primaryImageOfPage\":{\"@id\":\"https:\/\/www.letteraemme.it\/espropriponte\/esproprio\/s239-s277-via-circuito-192-residence-torre-faro\/#primaryimage\"},\"image\":{\"@id\":\"https:\/\/www.letteraemme.it\/espropriponte\/esproprio\/s239-s277-via-circuito-192-residence-torre-faro\/#primaryimage\"},\"thumbnailUrl\":\"https:\/\/www.letteraemme.it\/espropriponte\/wp-content\/uploads\/2023\/10\/Screenshot-at-Oct-15-14-09-25.png\",\"datePublished\":\"2023-10-15T12:09:44+00:00\",\"dateModified\":\"2023-10-15T12:10:23+00:00\",\"breadcrumb\":{\"@id\":\"https:\/\/www.letteraemme.it\/espropriponte\/esproprio\/s239-s277-via-circuito-192-residence-torre-faro\/#breadcrumb\"},\"inLanguage\":\"it-IT\",\"potentialAction\":[{\"@type\":\"ReadAction\",\"target\":[\"https:\/\/www.letteraemme.it\/espropriponte\/esproprio\/s239-s277-via-circuito-192-residence-torre-faro\/\"]}]},{\"@type\":\"ImageObject\",\"inLanguage\":\"it-IT\",\"@id\":\"https:\/\/www.letteraemme.it\/espropriponte\/esproprio\/s239-s277-via-circuito-192-residence-torre-faro\/#primaryimage\",\"url\":\"https:\/\/www.letteraemme.it\/espropriponte\/wp-content\/uploads\/2023\/10\/Screenshot-at-Oct-15-14-09-25.png\",\"contentUrl\":\"https:\/\/www.letteraemme.it\/espropriponte\/wp-content\/uploads\/2023\/10\/Screenshot-at-Oct-15-14-09-25.png\",\"width\":610,\"height\":384},{\"@type\":\"BreadcrumbList\",\"@id\":\"https:\/\/www.letteraemme.it\/espropriponte\/esproprio\/s239-s277-via-circuito-192-residence-torre-faro\/#breadcrumb\",\"itemListElement\":[{\"@type\":\"ListItem\",\"position\":1,\"name\":\"Home\",\"item\":\"https:\/\/www.letteraemme.it\/espropriponte\/\"},{\"@type\":\"ListItem\",\"position\":2,\"name\":\"Espropri\",\"item\":\"https:\/\/www.letteraemme.it\/espropriponte\/elenco-espropri\/\"},{\"@type\":\"ListItem\",\"position\":3,\"name\":\"S239-S277 &#8211; Via Circuito, 192 (Residence Torre Faro)\"}]},{\"@type\":\"WebSite\",\"@id\":\"https:\/\/www.letteraemme.it\/espropriponte\/#website\",\"url\":\"https:\/\/www.letteraemme.it\/espropriponte\/\",\"name\":\"Espropri Ponte sullo Stretto\",\"description\":\"\",\"publisher\":{\"@id\":\"https:\/\/www.letteraemme.it\/espropriponte\/#organization\"},\"potentialAction\":[{\"@type\":\"SearchAction\",\"target\":{\"@type\":\"EntryPoint\",\"urlTemplate\":\"https:\/\/www.letteraemme.it\/espropriponte\/?s={search_term_string}\"},\"query-input\":\"required name=search_term_string\"}],\"inLanguage\":\"it-IT\"},{\"@type\":\"Organization\",\"@id\":\"https:\/\/www.letteraemme.it\/espropriponte\/#organization\",\"name\":\"Espropri Ponte sullo Stretto\",\"url\":\"https:\/\/www.letteraemme.it\/espropriponte\/\",\"logo\":{\"@type\":\"ImageObject\",\"inLanguage\":\"it-IT\",\"@id\":\"https:\/\/www.letteraemme.it\/espropriponte\/#\/schema\/logo\/image\/\",\"url\":\"https:\/\/www.letteraemme.it\/espropriponte\/wp-content\/uploads\/2023\/11\/ricerca.png\",\"contentUrl\":\"https:\/\/www.letteraemme.it\/espropriponte\/wp-content\/uploads\/2023\/11\/ricerca.png\",\"width\":706,\"height\":708,\"caption\":\"Espropri Ponte sullo Stretto\"},\"image\":{\"@id\":\"https:\/\/www.letteraemme.it\/espropriponte\/#\/schema\/logo\/image\/\"}}]}<\/script>\n<!-- \/ Yoast SEO plugin. -->","yoast_head_json":{"title":"S239-S277 - Via Circuito, 192 (Residence Torre Faro) - Espropri Ponte sullo Stretto","robots":{"index":"index","follow":"follow","max-snippet":"max-snippet:-1","max-image-preview":"max-image-preview:large","max-video-preview":"max-video-preview:-1"},"canonical":"https:\/\/www.letteraemme.it\/espropriponte\/esproprio\/s239-s277-via-circuito-192-residence-torre-faro\/","og_locale":"it_IT","og_type":"article","og_title":"S239-S277 - Via Circuito, 192 (Residence Torre Faro) - Espropri Ponte sullo Stretto","og_description":"L&#8217;immobile in oggetto \u00e8 prevalentemente destinato a: civile abitazione; si articola su due livelli ed il fabbricato \u00e8 ubicato su un lotto di terreno della superficie di mq. 542 tra coperto e scoperto, sul quale insiste anche un garage (S277), all&#8217;interno del \u201cResidence Torre Faro\u201d. L&#8217;epoca di costruzione dell&#8217;immobile risale presumibilmente intorno all&#8217;anno 1990 ed [...]Leggi di pi\u00f9... from S239-S277 &#8211; Via Circuito, 192 (Residence Torre Faro)","og_url":"https:\/\/www.letteraemme.it\/espropriponte\/esproprio\/s239-s277-via-circuito-192-residence-torre-faro\/","og_site_name":"Espropri Ponte sullo Stretto","article_modified_time":"2023-10-15T12:10:23+00:00","og_image":[{"width":610,"height":384,"url":"https:\/\/www.letteraemme.it\/espropriponte\/wp-content\/uploads\/2023\/10\/Screenshot-at-Oct-15-14-09-25.png","type":"image\/png"}],"twitter_card":"summary_large_image","twitter_misc":{"Tempo di lettura stimato":"1 minuto"},"schema":{"@context":"https:\/\/schema.org","@graph":[{"@type":"WebPage","@id":"https:\/\/www.letteraemme.it\/espropriponte\/esproprio\/s239-s277-via-circuito-192-residence-torre-faro\/","url":"https:\/\/www.letteraemme.it\/espropriponte\/esproprio\/s239-s277-via-circuito-192-residence-torre-faro\/","name":"S239-S277 - Via Circuito, 192 (Residence Torre Faro) - Espropri Ponte sullo Stretto","isPartOf":{"@id":"https:\/\/www.letteraemme.it\/espropriponte\/#website"},"primaryImageOfPage":{"@id":"https:\/\/www.letteraemme.it\/espropriponte\/esproprio\/s239-s277-via-circuito-192-residence-torre-faro\/#primaryimage"},"image":{"@id":"https:\/\/www.letteraemme.it\/espropriponte\/esproprio\/s239-s277-via-circuito-192-residence-torre-faro\/#primaryimage"},"thumbnailUrl":"https:\/\/www.letteraemme.it\/espropriponte\/wp-content\/uploads\/2023\/10\/Screenshot-at-Oct-15-14-09-25.png","datePublished":"2023-10-15T12:09:44+00:00","dateModified":"2023-10-15T12:10:23+00:00","breadcrumb":{"@id":"https:\/\/www.letteraemme.it\/espropriponte\/esproprio\/s239-s277-via-circuito-192-residence-torre-faro\/#breadcrumb"},"inLanguage":"it-IT","potentialAction":[{"@type":"ReadAction","target":["https:\/\/www.letteraemme.it\/espropriponte\/esproprio\/s239-s277-via-circuito-192-residence-torre-faro\/"]}]},{"@type":"ImageObject","inLanguage":"it-IT","@id":"https:\/\/www.letteraemme.it\/espropriponte\/esproprio\/s239-s277-via-circuito-192-residence-torre-faro\/#primaryimage","url":"https:\/\/www.letteraemme.it\/espropriponte\/wp-content\/uploads\/2023\/10\/Screenshot-at-Oct-15-14-09-25.png","contentUrl":"https:\/\/www.letteraemme.it\/espropriponte\/wp-content\/uploads\/2023\/10\/Screenshot-at-Oct-15-14-09-25.png","width":610,"height":384},{"@type":"BreadcrumbList","@id":"https:\/\/www.letteraemme.it\/espropriponte\/esproprio\/s239-s277-via-circuito-192-residence-torre-faro\/#breadcrumb","itemListElement":[{"@type":"ListItem","position":1,"name":"Home","item":"https:\/\/www.letteraemme.it\/espropriponte\/"},{"@type":"ListItem","position":2,"name":"Espropri","item":"https:\/\/www.letteraemme.it\/espropriponte\/elenco-espropri\/"},{"@type":"ListItem","position":3,"name":"S239-S277 &#8211; Via Circuito, 192 (Residence Torre Faro)"}]},{"@type":"WebSite","@id":"https:\/\/www.letteraemme.it\/espropriponte\/#website","url":"https:\/\/www.letteraemme.it\/espropriponte\/","name":"Espropri Ponte sullo Stretto","description":"","publisher":{"@id":"https:\/\/www.letteraemme.it\/espropriponte\/#organization"},"potentialAction":[{"@type":"SearchAction","target":{"@type":"EntryPoint","urlTemplate":"https:\/\/www.letteraemme.it\/espropriponte\/?s={search_term_string}"},"query-input":"required name=search_term_string"}],"inLanguage":"it-IT"},{"@type":"Organization","@id":"https:\/\/www.letteraemme.it\/espropriponte\/#organization","name":"Espropri Ponte sullo Stretto","url":"https:\/\/www.letteraemme.it\/espropriponte\/","logo":{"@type":"ImageObject","inLanguage":"it-IT","@id":"https:\/\/www.letteraemme.it\/espropriponte\/#\/schema\/logo\/image\/","url":"https:\/\/www.letteraemme.it\/espropriponte\/wp-content\/uploads\/2023\/11\/ricerca.png","contentUrl":"https:\/\/www.letteraemme.it\/espropriponte\/wp-content\/uploads\/2023\/11\/ricerca.png","width":706,"height":708,"caption":"Espropri Ponte sullo Stretto"},"image":{"@id":"https:\/\/www.letteraemme.it\/espropriponte\/#\/schema\/logo\/image\/"}}]}},"_links":{"self":[{"href":"https:\/\/www.letteraemme.it\/espropriponte\/wp-json\/wp\/v2\/esproprio\/298","targetHints":{"allow":["GET"]}}],"collection":[{"href":"https:\/\/www.letteraemme.it\/espropriponte\/wp-json\/wp\/v2\/esproprio"}],"about":[{"href":"https:\/\/www.letteraemme.it\/espropriponte\/wp-json\/wp\/v2\/types\/esproprio"}],"wp:featuredmedia":[{"embeddable":true,"href":"https:\/\/www.letteraemme.it\/espropriponte\/wp-json\/wp\/v2\/media\/299"}],"wp:attachment":[{"href":"https:\/\/www.letteraemme.it\/espropriponte\/wp-json\/wp\/v2\/media?parent=298"}],"wp:term":[{"taxonomy":"post_tag","embeddable":true,"href":"https:\/\/www.letteraemme.it\/espropriponte\/wp-json\/wp\/v2\/tags?post=298"},{"taxonomy":"comune","embeddable":true,"href":"https:\/\/www.letteraemme.it\/espropriponte\/wp-json\/wp\/v2\/comune?post=298"},{"taxonomy":"tipologia","embeddable":true,"href":"https:\/\/www.letteraemme.it\/espropriponte\/wp-json\/wp\/v2\/tipologia?post=298"},{"taxonomy":"destinazione-prevalente","embeddable":true,"href":"https:\/\/www.letteraemme.it\/espropriponte\/wp-json\/wp\/v2\/destinazione-prevalente?post=298"},{"taxonomy":"cata","embeddable":true,"href":"https:\/\/www.letteraemme.it\/espropriponte\/wp-json\/wp\/v2\/cata?post=298"},{"taxonomy":"documento-di-riferimento","embeddable":true,"href":"https:\/\/www.letteraemme.it\/espropriponte\/wp-json\/wp\/v2\/documento-di-riferimento?post=298"}],"curies":[{"name":"wp","href":"https:\/\/api.w.org\/{rel}","templated":true}]}}

<p>L&#8217;immobile in oggetto è prevalentemente destinato a: civile abitazione; si articola su due livelli ed il fabbricato è ubicato su un lotto di terreno della superficie di mq. 542 tra coperto e scoperto, sul quale insiste anche un garage (S277), all&#8217;interno del “Residence Torre Faro”. L&#8217;epoca di costruzione dell&#8217;immobile risale presumibilmente intorno all&#8217;anno 1990 ed in generale, ad oggi si presenta in un ottimo stato di conservazione e manutenzione. L&#8217;accessibilità dall&#8217;esterno è garantita da un cancello pedonale e carrabile. E&#8217; ubicato in zona semicentrale e in prossimità del mare da cui è separato da una strada pubblica, in una zona tipicamente turistica. L&#8217;altezza è di circa 6 metri, la struttura portante è in cemento armato, con n. 2 piani fuori terra e da 1 piano interrato, la finitura esterna è in tinteggiatura, gli infissi sono in legno, la struttura del garage è in cemento armato, la finitura esterna è in tinteggiatura, gli infissi sono in metallo. La recinzione è costituita da muratura. La parte scoperta (corte) è sistemata a giardino ed è piantumata con siepi e piante ornamentali oltre a camminamenti pavimentati. Le superfici relative al fabbricato, al giardino, ai balconi ecc. sono ricavate dal fotogrammetrico.</p>

<!-- This site is optimized with the Yoast SEO plugin v22.4 - https://yoast.com/wordpress/plugins/seo/ -->
<title>S239-S277 - Via Circuito, 192 (Residence Torre Faro) - Espropri Ponte sullo Stretto</title>
<meta name="robots" content="index, follow, max-snippet:-1, max-image-preview:large, max-video-preview:-1" />
<link rel="canonical" href="https://www.letteraemme.it/espropriponte/esproprio/s239-s277-via-circuito-192-residence-torre-faro/" />
<meta property="og:locale" content="it_IT" />
<meta property="og:type" content="article" />
<meta property="og:title" content="S239-S277 - Via Circuito, 192 (Residence Torre Faro) - Espropri Ponte sullo Stretto" />
<meta property="og:description" content="L&#8217;immobile in oggetto è prevalentemente destinato a: civile abitazione; si articola su due livelli ed il fabbricato è ubicato su un lotto di terreno della superficie di mq. 542 tra coperto e scoperto, sul quale insiste anche un garage (S277), all&#8217;interno del “Residence Torre Faro”. L&#8217;epoca di costruzione dell&#8217;immobile risale presumibilmente intorno all&#8217;anno 1990 ed [...]Leggi di più... from S239-S277 &#8211; Via Circuito, 192 (Residence Torre Faro)" />
<meta property="og:url" content="https://www.letteraemme.it/espropriponte/esproprio/s239-s277-via-circuito-192-residence-torre-faro/" />
<meta property="og:site_name" content="Espropri Ponte sullo Stretto" />
<meta property="article:modified_time" content="2023-10-15T12:10:23+00:00" />
<meta property="og:image" content="https://www.letteraemme.it/espropriponte/wp-content/uploads/2023/10/Screenshot-at-Oct-15-14-09-25.png" />
	<meta property="og:image:width" content="610" />
	<meta property="og:image:height" content="384" />
	<meta property="og:image:type" content="image/png" />
<meta name="twitter:card" content="summary_large_image" />
<meta name="twitter:label1" content="Tempo di lettura stimato" />
	<meta name="twitter:data1" content="1 minuto" />
<script type="application/ld+json" class="yoast-schema-graph">{"@context":"https://schema.org","@graph":[{"@type":"WebPage","@id":"https://www.letteraemme.it/espropriponte/esproprio/s239-s277-via-circuito-192-residence-torre-faro/","url":"https://www.letteraemme.it/espropriponte/esproprio/s239-s277-via-circuito-192-residence-torre-faro/","name":"S239-S277 - Via Circuito, 192 (Residence Torre Faro) - Espropri Ponte sullo Stretto","isPartOf":{"@id":"https://www.letteraemme.it/espropriponte/#website"},"primaryImageOfPage":{"@id":"https://www.letteraemme.it/espropriponte/esproprio/s239-s277-via-circuito-192-residence-torre-faro/#primaryimage"},"image":{"@id":"https://www.letteraemme.it/espropriponte/esproprio/s239-s277-via-circuito-192-residence-torre-faro/#primaryimage"},"thumbnailUrl":"https://www.letteraemme.it/espropriponte/wp-content/uploads/2023/10/Screenshot-at-Oct-15-14-09-25.png","datePublished":"2023-10-15T12:09:44+00:00","dateModified":"2023-10-15T12:10:23+00:00","breadcrumb":{"@id":"https://www.letteraemme.it/espropriponte/esproprio/s239-s277-via-circuito-192-residence-torre-faro/#breadcrumb"},"inLanguage":"it-IT","potentialAction":[{"@type":"ReadAction","target":["https://www.letteraemme.it/espropriponte/esproprio/s239-s277-via-circuito-192-residence-torre-faro/"]}]},{"@type":"ImageObject","inLanguage":"it-IT","@id":"https://www.letteraemme.it/espropriponte/esproprio/s239-s277-via-circuito-192-residence-torre-faro/#primaryimage","url":"https://www.letteraemme.it/espropriponte/wp-content/uploads/2023/10/Screenshot-at-Oct-15-14-09-25.png","contentUrl":"https://www.letteraemme.it/espropriponte/wp-content/uploads/2023/10/Screenshot-at-Oct-15-14-09-25.png","width":610,"height":384},{"@type":"BreadcrumbList","@id":"https://www.letteraemme.it/espropriponte/esproprio/s239-s277-via-circuito-192-residence-torre-faro/#breadcrumb","itemListElement":[{"@type":"ListItem","position":1,"name":"Home","item":"https://www.letteraemme.it/espropriponte/"},{"@type":"ListItem","position":2,"name":"Espropri","item":"https://www.letteraemme.it/espropriponte/elenco-espropri/"},{"@type":"ListItem","position":3,"name":"S239-S277 &#8211; Via Circuito, 192 (Residence Torre Faro)"}]},{"@type":"WebSite","@id":"https://www.letteraemme.it/espropriponte/#website","url":"https://www.letteraemme.it/espropriponte/","name":"Espropri Ponte sullo Stretto","description":"","publisher":{"@id":"https://www.letteraemme.it/espropriponte/#organization"},"potentialAction":[{"@type":"SearchAction","target":{"@type":"EntryPoint","urlTemplate":"https://www.letteraemme.it/espropriponte/?s={search_term_string}"},"query-input":"required name=search_term_string"}],"inLanguage":"it-IT"},{"@type":"Organization","@id":"https://www.letteraemme.it/espropriponte/#organization","name":"Espropri Ponte sullo Stretto","url":"https://www.letteraemme.it/espropriponte/","logo":{"@type":"ImageObject","inLanguage":"it-IT","@id":"https://www.letteraemme.it/espropriponte/#/schema/logo/image/","url":"https://www.letteraemme.it/espropriponte/wp-content/uploads/2023/11/ricerca.png","contentUrl":"https://www.letteraemme.it/espropriponte/wp-content/uploads/2023/11/ricerca.png","width":706,"height":708,"caption":"Espropri Ponte sullo Stretto"},"image":{"@id":"https://www.letteraemme.it/espropriponte/#/schema/logo/image/"}}]}</script>
<!-- / Yoast SEO plugin. -->

L&#8217;immobile in oggetto è prevalentemente destinato a: civile abitazione; si articola su due livelli ed il fabbricato è ubicato su un lotto di terreno della superficie di mq. 542 tra coperto e scoperto, sul quale insiste anche un garage (S277), all&#8217;interno del “Residence Torre Faro”. L&#8217;epoca di costruzione dell&#8217;immobile risale presumibilmente intorno all&#8217;anno 1990 ed [...]Leggi di più... from S239-S277 &#8211; Via Circuito, 192 (Residence Torre Faro)
