{"id":238,"date":"2023-10-14T19:16:13","date_gmt":"2023-10-14T17:16:13","guid":{"rendered":"https:\/\/www.letteraemme.it\/espropriponte\/?post_type=esproprio&#038;p=238"},"modified":"2023-10-14T19:17:47","modified_gmt":"2023-10-14T17:17:47","slug":"s194-via-granatari-villaggio-torre-faro","status":"publish","type":"esproprio","link":"https:\/\/www.letteraemme.it\/espropriponte\/esproprio\/s194-via-granatari-villaggio-torre-faro\/","title":{"rendered":"S194 &#8211; Via Granatari &#8211; Villaggio Torre Faro"},"content":{"rendered":"<p>L&#8217;immobile in oggetto \u00e8 destinato ad attivita&#8217; produttive, in particolare \u00e8 destinato parte ad uffici, parte a magazzini e parte a spogliatoio degli adiacenti campi di calcio; L&#8217;epoca di costruzione dell&#8217;immobile risale presumibilmente intorno all&#8217;anno 1992 ed in generale, ad oggi si presenta in un normale stato di conservazione e manutenzione. L&#8217;accessibilit\u00e0 dall&#8217;esterno \u00e8 garantita da un cancello pedonale e carrabile. E&#8217; ubicato in zona semicentrale. L&#8217;altezza \u00e8 di circa 4 metri, la struttura portante \u00e8 in cemento armato, con un piano fuori terra, la finitura esterna \u00e8 in tinteggiatura, gli infissi sono in metallo. La recinzione \u00e8 costituita da cemento armato. Le superfici relative al fabbricato, al giardino, ai balconi ecc. sono ricavate dal fotogrammetrico.<\/p>\n","protected":false},"featured_media":241,"template":"","tags":[],"comune":[25],"tipologia":[60],"destinazione-prevalente":[15],"cata":[],"documento-di-riferimento":[14],"class_list":["post-238","esproprio","type-esproprio","status-publish","has-post-thumbnail","hentry","comune-messina-me","tipologia-direzioneufficispogliatoi-impianti-sportivi","destinazione-prevalente-attivita-produttive","documento-di-riferimento-viag012s_f1"],"acf":[],"yoast_head":"<!-- This site is optimized with the Yoast SEO plugin v22.4 - https:\/\/yoast.com\/wordpress\/plugins\/seo\/ -->\n<title>S194 - Via Granatari - Villaggio Torre Faro - Espropri Ponte sullo Stretto<\/title>\n<meta name=\"robots\" content=\"index, follow, max-snippet:-1, max-image-preview:large, max-video-preview:-1\" \/>\n<link rel=\"canonical\" href=\"https:\/\/www.letteraemme.it\/espropriponte\/esproprio\/s194-via-granatari-villaggio-torre-faro\/\" \/>\n<meta property=\"og:locale\" content=\"it_IT\" \/>\n<meta property=\"og:type\" content=\"article\" \/>\n<meta property=\"og:title\" content=\"S194 - Via Granatari - Villaggio Torre Faro - Espropri Ponte sullo Stretto\" \/>\n<meta property=\"og:description\" content=\"L&#8217;immobile in oggetto \u00e8 destinato ad attivita&#8217; produttive, in particolare \u00e8 destinato parte ad uffici, parte a magazzini e parte a spogliatoio degli adiacenti campi di calcio; L&#8217;epoca di costruzione dell&#8217;immobile risale presumibilmente intorno all&#8217;anno 1992 ed in generale, ad oggi si presenta in un normale stato di conservazione e manutenzione. L&#8217;accessibilit\u00e0 dall&#8217;esterno \u00e8 garantita [...]Leggi di pi\u00f9... from S194 &#8211; Via Granatari &#8211; Villaggio Torre Faro\" \/>\n<meta property=\"og:url\" content=\"https:\/\/www.letteraemme.it\/espropriponte\/esproprio\/s194-via-granatari-villaggio-torre-faro\/\" \/>\n<meta property=\"og:site_name\" content=\"Espropri Ponte sullo Stretto\" \/>\n<meta property=\"article:modified_time\" content=\"2023-10-14T17:17:47+00:00\" \/>\n<meta property=\"og:image\" content=\"https:\/\/www.letteraemme.it\/espropriponte\/wp-content\/uploads\/2023\/10\/Screenshot-at-Oct-14-19-16-54.png\" \/>\n\t<meta property=\"og:image:width\" content=\"537\" \/>\n\t<meta property=\"og:image:height\" content=\"348\" \/>\n\t<meta property=\"og:image:type\" content=\"image\/png\" \/>\n<meta name=\"twitter:card\" content=\"summary_large_image\" \/>\n<meta name=\"twitter:label1\" content=\"Tempo di lettura stimato\" \/>\n\t<meta name=\"twitter:data1\" content=\"1 minuto\" \/>\n<script type=\"application\/ld+json\" class=\"yoast-schema-graph\">{\"@context\":\"https:\/\/schema.org\",\"@graph\":[{\"@type\":\"WebPage\",\"@id\":\"https:\/\/www.letteraemme.it\/espropriponte\/esproprio\/s194-via-granatari-villaggio-torre-faro\/\",\"url\":\"https:\/\/www.letteraemme.it\/espropriponte\/esproprio\/s194-via-granatari-villaggio-torre-faro\/\",\"name\":\"S194 - Via Granatari - Villaggio Torre Faro - Espropri Ponte sullo Stretto\",\"isPartOf\":{\"@id\":\"https:\/\/www.letteraemme.it\/espropriponte\/#website\"},\"primaryImageOfPage\":{\"@id\":\"https:\/\/www.letteraemme.it\/espropriponte\/esproprio\/s194-via-granatari-villaggio-torre-faro\/#primaryimage\"},\"image\":{\"@id\":\"https:\/\/www.letteraemme.it\/espropriponte\/esproprio\/s194-via-granatari-villaggio-torre-faro\/#primaryimage\"},\"thumbnailUrl\":\"https:\/\/www.letteraemme.it\/espropriponte\/wp-content\/uploads\/2023\/10\/Screenshot-at-Oct-14-19-16-54.png\",\"datePublished\":\"2023-10-14T17:16:13+00:00\",\"dateModified\":\"2023-10-14T17:17:47+00:00\",\"breadcrumb\":{\"@id\":\"https:\/\/www.letteraemme.it\/espropriponte\/esproprio\/s194-via-granatari-villaggio-torre-faro\/#breadcrumb\"},\"inLanguage\":\"it-IT\",\"potentialAction\":[{\"@type\":\"ReadAction\",\"target\":[\"https:\/\/www.letteraemme.it\/espropriponte\/esproprio\/s194-via-granatari-villaggio-torre-faro\/\"]}]},{\"@type\":\"ImageObject\",\"inLanguage\":\"it-IT\",\"@id\":\"https:\/\/www.letteraemme.it\/espropriponte\/esproprio\/s194-via-granatari-villaggio-torre-faro\/#primaryimage\",\"url\":\"https:\/\/www.letteraemme.it\/espropriponte\/wp-content\/uploads\/2023\/10\/Screenshot-at-Oct-14-19-16-54.png\",\"contentUrl\":\"https:\/\/www.letteraemme.it\/espropriponte\/wp-content\/uploads\/2023\/10\/Screenshot-at-Oct-14-19-16-54.png\",\"width\":537,\"height\":348},{\"@type\":\"BreadcrumbList\",\"@id\":\"https:\/\/www.letteraemme.it\/espropriponte\/esproprio\/s194-via-granatari-villaggio-torre-faro\/#breadcrumb\",\"itemListElement\":[{\"@type\":\"ListItem\",\"position\":1,\"name\":\"Home\",\"item\":\"https:\/\/www.letteraemme.it\/espropriponte\/\"},{\"@type\":\"ListItem\",\"position\":2,\"name\":\"Espropri\",\"item\":\"https:\/\/www.letteraemme.it\/espropriponte\/elenco-espropri\/\"},{\"@type\":\"ListItem\",\"position\":3,\"name\":\"S194 &#8211; Via Granatari &#8211; Villaggio Torre Faro\"}]},{\"@type\":\"WebSite\",\"@id\":\"https:\/\/www.letteraemme.it\/espropriponte\/#website\",\"url\":\"https:\/\/www.letteraemme.it\/espropriponte\/\",\"name\":\"Espropri Ponte sullo Stretto\",\"description\":\"\",\"publisher\":{\"@id\":\"https:\/\/www.letteraemme.it\/espropriponte\/#organization\"},\"potentialAction\":[{\"@type\":\"SearchAction\",\"target\":{\"@type\":\"EntryPoint\",\"urlTemplate\":\"https:\/\/www.letteraemme.it\/espropriponte\/?s={search_term_string}\"},\"query-input\":\"required name=search_term_string\"}],\"inLanguage\":\"it-IT\"},{\"@type\":\"Organization\",\"@id\":\"https:\/\/www.letteraemme.it\/espropriponte\/#organization\",\"name\":\"Espropri Ponte sullo Stretto\",\"url\":\"https:\/\/www.letteraemme.it\/espropriponte\/\",\"logo\":{\"@type\":\"ImageObject\",\"inLanguage\":\"it-IT\",\"@id\":\"https:\/\/www.letteraemme.it\/espropriponte\/#\/schema\/logo\/image\/\",\"url\":\"https:\/\/www.letteraemme.it\/espropriponte\/wp-content\/uploads\/2023\/11\/ricerca.png\",\"contentUrl\":\"https:\/\/www.letteraemme.it\/espropriponte\/wp-content\/uploads\/2023\/11\/ricerca.png\",\"width\":706,\"height\":708,\"caption\":\"Espropri Ponte sullo Stretto\"},\"image\":{\"@id\":\"https:\/\/www.letteraemme.it\/espropriponte\/#\/schema\/logo\/image\/\"}}]}<\/script>\n<!-- \/ Yoast SEO plugin. -->","yoast_head_json":{"title":"S194 - Via Granatari - Villaggio Torre Faro - Espropri Ponte sullo Stretto","robots":{"index":"index","follow":"follow","max-snippet":"max-snippet:-1","max-image-preview":"max-image-preview:large","max-video-preview":"max-video-preview:-1"},"canonical":"https:\/\/www.letteraemme.it\/espropriponte\/esproprio\/s194-via-granatari-villaggio-torre-faro\/","og_locale":"it_IT","og_type":"article","og_title":"S194 - Via Granatari - Villaggio Torre Faro - Espropri Ponte sullo Stretto","og_description":"L&#8217;immobile in oggetto \u00e8 destinato ad attivita&#8217; produttive, in particolare \u00e8 destinato parte ad uffici, parte a magazzini e parte a spogliatoio degli adiacenti campi di calcio; L&#8217;epoca di costruzione dell&#8217;immobile risale presumibilmente intorno all&#8217;anno 1992 ed in generale, ad oggi si presenta in un normale stato di conservazione e manutenzione. L&#8217;accessibilit\u00e0 dall&#8217;esterno \u00e8 garantita [...]Leggi di pi\u00f9... from S194 &#8211; Via Granatari &#8211; Villaggio Torre Faro","og_url":"https:\/\/www.letteraemme.it\/espropriponte\/esproprio\/s194-via-granatari-villaggio-torre-faro\/","og_site_name":"Espropri Ponte sullo Stretto","article_modified_time":"2023-10-14T17:17:47+00:00","og_image":[{"width":537,"height":348,"url":"https:\/\/www.letteraemme.it\/espropriponte\/wp-content\/uploads\/2023\/10\/Screenshot-at-Oct-14-19-16-54.png","type":"image\/png"}],"twitter_card":"summary_large_image","twitter_misc":{"Tempo di lettura stimato":"1 minuto"},"schema":{"@context":"https:\/\/schema.org","@graph":[{"@type":"WebPage","@id":"https:\/\/www.letteraemme.it\/espropriponte\/esproprio\/s194-via-granatari-villaggio-torre-faro\/","url":"https:\/\/www.letteraemme.it\/espropriponte\/esproprio\/s194-via-granatari-villaggio-torre-faro\/","name":"S194 - Via Granatari - Villaggio Torre Faro - Espropri Ponte sullo Stretto","isPartOf":{"@id":"https:\/\/www.letteraemme.it\/espropriponte\/#website"},"primaryImageOfPage":{"@id":"https:\/\/www.letteraemme.it\/espropriponte\/esproprio\/s194-via-granatari-villaggio-torre-faro\/#primaryimage"},"image":{"@id":"https:\/\/www.letteraemme.it\/espropriponte\/esproprio\/s194-via-granatari-villaggio-torre-faro\/#primaryimage"},"thumbnailUrl":"https:\/\/www.letteraemme.it\/espropriponte\/wp-content\/uploads\/2023\/10\/Screenshot-at-Oct-14-19-16-54.png","datePublished":"2023-10-14T17:16:13+00:00","dateModified":"2023-10-14T17:17:47+00:00","breadcrumb":{"@id":"https:\/\/www.letteraemme.it\/espropriponte\/esproprio\/s194-via-granatari-villaggio-torre-faro\/#breadcrumb"},"inLanguage":"it-IT","potentialAction":[{"@type":"ReadAction","target":["https:\/\/www.letteraemme.it\/espropriponte\/esproprio\/s194-via-granatari-villaggio-torre-faro\/"]}]},{"@type":"ImageObject","inLanguage":"it-IT","@id":"https:\/\/www.letteraemme.it\/espropriponte\/esproprio\/s194-via-granatari-villaggio-torre-faro\/#primaryimage","url":"https:\/\/www.letteraemme.it\/espropriponte\/wp-content\/uploads\/2023\/10\/Screenshot-at-Oct-14-19-16-54.png","contentUrl":"https:\/\/www.letteraemme.it\/espropriponte\/wp-content\/uploads\/2023\/10\/Screenshot-at-Oct-14-19-16-54.png","width":537,"height":348},{"@type":"BreadcrumbList","@id":"https:\/\/www.letteraemme.it\/espropriponte\/esproprio\/s194-via-granatari-villaggio-torre-faro\/#breadcrumb","itemListElement":[{"@type":"ListItem","position":1,"name":"Home","item":"https:\/\/www.letteraemme.it\/espropriponte\/"},{"@type":"ListItem","position":2,"name":"Espropri","item":"https:\/\/www.letteraemme.it\/espropriponte\/elenco-espropri\/"},{"@type":"ListItem","position":3,"name":"S194 &#8211; Via Granatari &#8211; Villaggio Torre Faro"}]},{"@type":"WebSite","@id":"https:\/\/www.letteraemme.it\/espropriponte\/#website","url":"https:\/\/www.letteraemme.it\/espropriponte\/","name":"Espropri Ponte sullo Stretto","description":"","publisher":{"@id":"https:\/\/www.letteraemme.it\/espropriponte\/#organization"},"potentialAction":[{"@type":"SearchAction","target":{"@type":"EntryPoint","urlTemplate":"https:\/\/www.letteraemme.it\/espropriponte\/?s={search_term_string}"},"query-input":"required name=search_term_string"}],"inLanguage":"it-IT"},{"@type":"Organization","@id":"https:\/\/www.letteraemme.it\/espropriponte\/#organization","name":"Espropri Ponte sullo Stretto","url":"https:\/\/www.letteraemme.it\/espropriponte\/","logo":{"@type":"ImageObject","inLanguage":"it-IT","@id":"https:\/\/www.letteraemme.it\/espropriponte\/#\/schema\/logo\/image\/","url":"https:\/\/www.letteraemme.it\/espropriponte\/wp-content\/uploads\/2023\/11\/ricerca.png","contentUrl":"https:\/\/www.letteraemme.it\/espropriponte\/wp-content\/uploads\/2023\/11\/ricerca.png","width":706,"height":708,"caption":"Espropri Ponte sullo Stretto"},"image":{"@id":"https:\/\/www.letteraemme.it\/espropriponte\/#\/schema\/logo\/image\/"}}]}},"_links":{"self":[{"href":"https:\/\/www.letteraemme.it\/espropriponte\/wp-json\/wp\/v2\/esproprio\/238","targetHints":{"allow":["GET"]}}],"collection":[{"href":"https:\/\/www.letteraemme.it\/espropriponte\/wp-json\/wp\/v2\/esproprio"}],"about":[{"href":"https:\/\/www.letteraemme.it\/espropriponte\/wp-json\/wp\/v2\/types\/esproprio"}],"wp:featuredmedia":[{"embeddable":true,"href":"https:\/\/www.letteraemme.it\/espropriponte\/wp-json\/wp\/v2\/media\/241"}],"wp:attachment":[{"href":"https:\/\/www.letteraemme.it\/espropriponte\/wp-json\/wp\/v2\/media?parent=238"}],"wp:term":[{"taxonomy":"post_tag","embeddable":true,"href":"https:\/\/www.letteraemme.it\/espropriponte\/wp-json\/wp\/v2\/tags?post=238"},{"taxonomy":"comune","embeddable":true,"href":"https:\/\/www.letteraemme.it\/espropriponte\/wp-json\/wp\/v2\/comune?post=238"},{"taxonomy":"tipologia","embeddable":true,"href":"https:\/\/www.letteraemme.it\/espropriponte\/wp-json\/wp\/v2\/tipologia?post=238"},{"taxonomy":"destinazione-prevalente","embeddable":true,"href":"https:\/\/www.letteraemme.it\/espropriponte\/wp-json\/wp\/v2\/destinazione-prevalente?post=238"},{"taxonomy":"cata","embeddable":true,"href":"https:\/\/www.letteraemme.it\/espropriponte\/wp-json\/wp\/v2\/cata?post=238"},{"taxonomy":"documento-di-riferimento","embeddable":true,"href":"https:\/\/www.letteraemme.it\/espropriponte\/wp-json\/wp\/v2\/documento-di-riferimento?post=238"}],"curies":[{"name":"wp","href":"https:\/\/api.w.org\/{rel}","templated":true}]}}

<p>L&#8217;immobile in oggetto è destinato ad attivita&#8217; produttive, in particolare è destinato parte ad uffici, parte a magazzini e parte a spogliatoio degli adiacenti campi di calcio; L&#8217;epoca di costruzione dell&#8217;immobile risale presumibilmente intorno all&#8217;anno 1992 ed in generale, ad oggi si presenta in un normale stato di conservazione e manutenzione. L&#8217;accessibilità dall&#8217;esterno è garantita da un cancello pedonale e carrabile. E&#8217; ubicato in zona semicentrale. L&#8217;altezza è di circa 4 metri, la struttura portante è in cemento armato, con un piano fuori terra, la finitura esterna è in tinteggiatura, gli infissi sono in metallo. La recinzione è costituita da cemento armato. Le superfici relative al fabbricato, al giardino, ai balconi ecc. sono ricavate dal fotogrammetrico.</p>

<!-- This site is optimized with the Yoast SEO plugin v22.4 - https://yoast.com/wordpress/plugins/seo/ -->
<title>S194 - Via Granatari - Villaggio Torre Faro - Espropri Ponte sullo Stretto</title>
<meta name="robots" content="index, follow, max-snippet:-1, max-image-preview:large, max-video-preview:-1" />
<link rel="canonical" href="https://www.letteraemme.it/espropriponte/esproprio/s194-via-granatari-villaggio-torre-faro/" />
<meta property="og:locale" content="it_IT" />
<meta property="og:type" content="article" />
<meta property="og:title" content="S194 - Via Granatari - Villaggio Torre Faro - Espropri Ponte sullo Stretto" />
<meta property="og:description" content="L&#8217;immobile in oggetto è destinato ad attivita&#8217; produttive, in particolare è destinato parte ad uffici, parte a magazzini e parte a spogliatoio degli adiacenti campi di calcio; L&#8217;epoca di costruzione dell&#8217;immobile risale presumibilmente intorno all&#8217;anno 1992 ed in generale, ad oggi si presenta in un normale stato di conservazione e manutenzione. L&#8217;accessibilità dall&#8217;esterno è garantita [...]Leggi di più... from S194 &#8211; Via Granatari &#8211; Villaggio Torre Faro" />
<meta property="og:url" content="https://www.letteraemme.it/espropriponte/esproprio/s194-via-granatari-villaggio-torre-faro/" />
<meta property="og:site_name" content="Espropri Ponte sullo Stretto" />
<meta property="article:modified_time" content="2023-10-14T17:17:47+00:00" />
<meta property="og:image" content="https://www.letteraemme.it/espropriponte/wp-content/uploads/2023/10/Screenshot-at-Oct-14-19-16-54.png" />
	<meta property="og:image:width" content="537" />
	<meta property="og:image:height" content="348" />
	<meta property="og:image:type" content="image/png" />
<meta name="twitter:card" content="summary_large_image" />
<meta name="twitter:label1" content="Tempo di lettura stimato" />
	<meta name="twitter:data1" content="1 minuto" />
<script type="application/ld+json" class="yoast-schema-graph">{"@context":"https://schema.org","@graph":[{"@type":"WebPage","@id":"https://www.letteraemme.it/espropriponte/esproprio/s194-via-granatari-villaggio-torre-faro/","url":"https://www.letteraemme.it/espropriponte/esproprio/s194-via-granatari-villaggio-torre-faro/","name":"S194 - Via Granatari - Villaggio Torre Faro - Espropri Ponte sullo Stretto","isPartOf":{"@id":"https://www.letteraemme.it/espropriponte/#website"},"primaryImageOfPage":{"@id":"https://www.letteraemme.it/espropriponte/esproprio/s194-via-granatari-villaggio-torre-faro/#primaryimage"},"image":{"@id":"https://www.letteraemme.it/espropriponte/esproprio/s194-via-granatari-villaggio-torre-faro/#primaryimage"},"thumbnailUrl":"https://www.letteraemme.it/espropriponte/wp-content/uploads/2023/10/Screenshot-at-Oct-14-19-16-54.png","datePublished":"2023-10-14T17:16:13+00:00","dateModified":"2023-10-14T17:17:47+00:00","breadcrumb":{"@id":"https://www.letteraemme.it/espropriponte/esproprio/s194-via-granatari-villaggio-torre-faro/#breadcrumb"},"inLanguage":"it-IT","potentialAction":[{"@type":"ReadAction","target":["https://www.letteraemme.it/espropriponte/esproprio/s194-via-granatari-villaggio-torre-faro/"]}]},{"@type":"ImageObject","inLanguage":"it-IT","@id":"https://www.letteraemme.it/espropriponte/esproprio/s194-via-granatari-villaggio-torre-faro/#primaryimage","url":"https://www.letteraemme.it/espropriponte/wp-content/uploads/2023/10/Screenshot-at-Oct-14-19-16-54.png","contentUrl":"https://www.letteraemme.it/espropriponte/wp-content/uploads/2023/10/Screenshot-at-Oct-14-19-16-54.png","width":537,"height":348},{"@type":"BreadcrumbList","@id":"https://www.letteraemme.it/espropriponte/esproprio/s194-via-granatari-villaggio-torre-faro/#breadcrumb","itemListElement":[{"@type":"ListItem","position":1,"name":"Home","item":"https://www.letteraemme.it/espropriponte/"},{"@type":"ListItem","position":2,"name":"Espropri","item":"https://www.letteraemme.it/espropriponte/elenco-espropri/"},{"@type":"ListItem","position":3,"name":"S194 &#8211; Via Granatari &#8211; Villaggio Torre Faro"}]},{"@type":"WebSite","@id":"https://www.letteraemme.it/espropriponte/#website","url":"https://www.letteraemme.it/espropriponte/","name":"Espropri Ponte sullo Stretto","description":"","publisher":{"@id":"https://www.letteraemme.it/espropriponte/#organization"},"potentialAction":[{"@type":"SearchAction","target":{"@type":"EntryPoint","urlTemplate":"https://www.letteraemme.it/espropriponte/?s={search_term_string}"},"query-input":"required name=search_term_string"}],"inLanguage":"it-IT"},{"@type":"Organization","@id":"https://www.letteraemme.it/espropriponte/#organization","name":"Espropri Ponte sullo Stretto","url":"https://www.letteraemme.it/espropriponte/","logo":{"@type":"ImageObject","inLanguage":"it-IT","@id":"https://www.letteraemme.it/espropriponte/#/schema/logo/image/","url":"https://www.letteraemme.it/espropriponte/wp-content/uploads/2023/11/ricerca.png","contentUrl":"https://www.letteraemme.it/espropriponte/wp-content/uploads/2023/11/ricerca.png","width":706,"height":708,"caption":"Espropri Ponte sullo Stretto"},"image":{"@id":"https://www.letteraemme.it/espropriponte/#/schema/logo/image/"}}]}</script>
<!-- / Yoast SEO plugin. -->

L&#8217;immobile in oggetto è destinato ad attivita&#8217; produttive, in particolare è destinato parte ad uffici, parte a magazzini e parte a spogliatoio degli adiacenti campi di calcio; L&#8217;epoca di costruzione dell&#8217;immobile risale presumibilmente intorno all&#8217;anno 1992 ed in generale, ad oggi si presenta in un normale stato di conservazione e manutenzione. L&#8217;accessibilità dall&#8217;esterno è garantita [...]Leggi di più... from S194 &#8211; Via Granatari &#8211; Villaggio Torre Faro
