{"id":126,"date":"2023-10-12T14:59:59","date_gmt":"2023-10-12T12:59:59","guid":{"rendered":"http:\/\/localhost:8888\/espropri\/?post_type=esproprio&#038;p=126"},"modified":"2023-10-12T14:59:59","modified_gmt":"2023-10-12T12:59:59","slug":"s109-via-margi-residence-margi","status":"publish","type":"esproprio","link":"https:\/\/www.letteraemme.it\/espropriponte\/esproprio\/s109-via-margi-residence-margi\/","title":{"rendered":"S109 &#8211; Via Margi (Residence Margi)"},"content":{"rendered":"<p>L&#8217;immobile in oggetto \u00e8 un locale accessorio costituito da una baracca in lamiera; L&#8217;epoca di costruzione dell&#8217;immobile risale presumibilmente intorno all&#8217;anno 2009 ed in generale, ad oggi si presenta in un normale stato di conservazione e manutenzione. E&#8217; ubicato in zona semicentrale e in prossimit\u00e0 del mare, in una zona tipicamente turistica. L&#8217;altezza \u00e8 di circa 3 metri, la struttura portante \u00e8 in lamiera, con un piano fuori terra, la finitura esterna \u00e8 in lamiera, gli infissi sono in lamiera. Le superfici relative al fabbricato, al giardino, ai balconi ecc. sono ricavate dal fotogrammetrico.<\/p>\n","protected":false},"featured_media":127,"template":"","tags":[],"comune":[25],"tipologia":[42],"destinazione-prevalente":[43],"cata":[],"documento-di-riferimento":[14],"class_list":["post-126","esproprio","type-esproprio","status-publish","has-post-thumbnail","hentry","comune-messina-me","tipologia-locale-accessorio","destinazione-prevalente-locale-accessorio","documento-di-riferimento-viag012s_f1"],"acf":[],"yoast_head":"<!-- This site is optimized with the Yoast SEO plugin v22.4 - https:\/\/yoast.com\/wordpress\/plugins\/seo\/ -->\n<title>S109 - Via Margi (Residence Margi) - Espropri Ponte sullo Stretto<\/title>\n<meta name=\"robots\" content=\"index, follow, max-snippet:-1, max-image-preview:large, max-video-preview:-1\" \/>\n<link rel=\"canonical\" href=\"https:\/\/www.letteraemme.it\/espropriponte\/esproprio\/s109-via-margi-residence-margi\/\" \/>\n<meta property=\"og:locale\" content=\"it_IT\" \/>\n<meta property=\"og:type\" content=\"article\" \/>\n<meta property=\"og:title\" content=\"S109 - Via Margi (Residence Margi) - Espropri Ponte sullo Stretto\" \/>\n<meta property=\"og:description\" content=\"L&#8217;immobile in oggetto \u00e8 un locale accessorio costituito da una baracca in lamiera; L&#8217;epoca di costruzione dell&#8217;immobile risale presumibilmente intorno all&#8217;anno 2009 ed in generale, ad oggi si presenta in un normale stato di conservazione e manutenzione. E&#8217; ubicato in zona semicentrale e in prossimit\u00e0 del mare, in una zona tipicamente turistica. L&#8217;altezza \u00e8 di [...]Leggi di pi\u00f9... from S109 &#8211; Via Margi (Residence Margi)\" \/>\n<meta property=\"og:url\" content=\"https:\/\/www.letteraemme.it\/espropriponte\/esproprio\/s109-via-margi-residence-margi\/\" \/>\n<meta property=\"og:site_name\" content=\"Espropri Ponte sullo Stretto\" \/>\n<meta property=\"og:image\" content=\"https:\/\/www.letteraemme.it\/espropriponte\/wp-content\/uploads\/2023\/10\/Screenshot-at-Oct-12-14-57-55.png\" \/>\n\t<meta property=\"og:image:width\" content=\"595\" \/>\n\t<meta property=\"og:image:height\" content=\"408\" \/>\n\t<meta property=\"og:image:type\" content=\"image\/png\" \/>\n<meta name=\"twitter:card\" content=\"summary_large_image\" \/>\n<script type=\"application\/ld+json\" class=\"yoast-schema-graph\">{\"@context\":\"https:\/\/schema.org\",\"@graph\":[{\"@type\":\"WebPage\",\"@id\":\"https:\/\/www.letteraemme.it\/espropriponte\/esproprio\/s109-via-margi-residence-margi\/\",\"url\":\"https:\/\/www.letteraemme.it\/espropriponte\/esproprio\/s109-via-margi-residence-margi\/\",\"name\":\"S109 - Via Margi (Residence Margi) - Espropri Ponte sullo Stretto\",\"isPartOf\":{\"@id\":\"https:\/\/www.letteraemme.it\/espropriponte\/#website\"},\"primaryImageOfPage\":{\"@id\":\"https:\/\/www.letteraemme.it\/espropriponte\/esproprio\/s109-via-margi-residence-margi\/#primaryimage\"},\"image\":{\"@id\":\"https:\/\/www.letteraemme.it\/espropriponte\/esproprio\/s109-via-margi-residence-margi\/#primaryimage\"},\"thumbnailUrl\":\"https:\/\/www.letteraemme.it\/espropriponte\/wp-content\/uploads\/2023\/10\/Screenshot-at-Oct-12-14-57-55.png\",\"datePublished\":\"2023-10-12T12:59:59+00:00\",\"dateModified\":\"2023-10-12T12:59:59+00:00\",\"breadcrumb\":{\"@id\":\"https:\/\/www.letteraemme.it\/espropriponte\/esproprio\/s109-via-margi-residence-margi\/#breadcrumb\"},\"inLanguage\":\"it-IT\",\"potentialAction\":[{\"@type\":\"ReadAction\",\"target\":[\"https:\/\/www.letteraemme.it\/espropriponte\/esproprio\/s109-via-margi-residence-margi\/\"]}]},{\"@type\":\"ImageObject\",\"inLanguage\":\"it-IT\",\"@id\":\"https:\/\/www.letteraemme.it\/espropriponte\/esproprio\/s109-via-margi-residence-margi\/#primaryimage\",\"url\":\"https:\/\/www.letteraemme.it\/espropriponte\/wp-content\/uploads\/2023\/10\/Screenshot-at-Oct-12-14-57-55.png\",\"contentUrl\":\"https:\/\/www.letteraemme.it\/espropriponte\/wp-content\/uploads\/2023\/10\/Screenshot-at-Oct-12-14-57-55.png\",\"width\":595,\"height\":408},{\"@type\":\"BreadcrumbList\",\"@id\":\"https:\/\/www.letteraemme.it\/espropriponte\/esproprio\/s109-via-margi-residence-margi\/#breadcrumb\",\"itemListElement\":[{\"@type\":\"ListItem\",\"position\":1,\"name\":\"Home\",\"item\":\"https:\/\/www.letteraemme.it\/espropriponte\/\"},{\"@type\":\"ListItem\",\"position\":2,\"name\":\"Espropri\",\"item\":\"https:\/\/www.letteraemme.it\/espropriponte\/elenco-espropri\/\"},{\"@type\":\"ListItem\",\"position\":3,\"name\":\"S109 &#8211; Via Margi (Residence Margi)\"}]},{\"@type\":\"WebSite\",\"@id\":\"https:\/\/www.letteraemme.it\/espropriponte\/#website\",\"url\":\"https:\/\/www.letteraemme.it\/espropriponte\/\",\"name\":\"Espropri Ponte sullo Stretto\",\"description\":\"\",\"publisher\":{\"@id\":\"https:\/\/www.letteraemme.it\/espropriponte\/#organization\"},\"potentialAction\":[{\"@type\":\"SearchAction\",\"target\":{\"@type\":\"EntryPoint\",\"urlTemplate\":\"https:\/\/www.letteraemme.it\/espropriponte\/?s={search_term_string}\"},\"query-input\":\"required name=search_term_string\"}],\"inLanguage\":\"it-IT\"},{\"@type\":\"Organization\",\"@id\":\"https:\/\/www.letteraemme.it\/espropriponte\/#organization\",\"name\":\"Espropri Ponte sullo Stretto\",\"url\":\"https:\/\/www.letteraemme.it\/espropriponte\/\",\"logo\":{\"@type\":\"ImageObject\",\"inLanguage\":\"it-IT\",\"@id\":\"https:\/\/www.letteraemme.it\/espropriponte\/#\/schema\/logo\/image\/\",\"url\":\"https:\/\/www.letteraemme.it\/espropriponte\/wp-content\/uploads\/2023\/11\/ricerca.png\",\"contentUrl\":\"https:\/\/www.letteraemme.it\/espropriponte\/wp-content\/uploads\/2023\/11\/ricerca.png\",\"width\":706,\"height\":708,\"caption\":\"Espropri Ponte sullo Stretto\"},\"image\":{\"@id\":\"https:\/\/www.letteraemme.it\/espropriponte\/#\/schema\/logo\/image\/\"}}]}<\/script>\n<!-- \/ Yoast SEO plugin. -->","yoast_head_json":{"title":"S109 - Via Margi (Residence Margi) - Espropri Ponte sullo Stretto","robots":{"index":"index","follow":"follow","max-snippet":"max-snippet:-1","max-image-preview":"max-image-preview:large","max-video-preview":"max-video-preview:-1"},"canonical":"https:\/\/www.letteraemme.it\/espropriponte\/esproprio\/s109-via-margi-residence-margi\/","og_locale":"it_IT","og_type":"article","og_title":"S109 - Via Margi (Residence Margi) - Espropri Ponte sullo Stretto","og_description":"L&#8217;immobile in oggetto \u00e8 un locale accessorio costituito da una baracca in lamiera; L&#8217;epoca di costruzione dell&#8217;immobile risale presumibilmente intorno all&#8217;anno 2009 ed in generale, ad oggi si presenta in un normale stato di conservazione e manutenzione. E&#8217; ubicato in zona semicentrale e in prossimit\u00e0 del mare, in una zona tipicamente turistica. L&#8217;altezza \u00e8 di [...]Leggi di pi\u00f9... from S109 &#8211; Via Margi (Residence Margi)","og_url":"https:\/\/www.letteraemme.it\/espropriponte\/esproprio\/s109-via-margi-residence-margi\/","og_site_name":"Espropri Ponte sullo Stretto","og_image":[{"width":595,"height":408,"url":"https:\/\/www.letteraemme.it\/espropriponte\/wp-content\/uploads\/2023\/10\/Screenshot-at-Oct-12-14-57-55.png","type":"image\/png"}],"twitter_card":"summary_large_image","schema":{"@context":"https:\/\/schema.org","@graph":[{"@type":"WebPage","@id":"https:\/\/www.letteraemme.it\/espropriponte\/esproprio\/s109-via-margi-residence-margi\/","url":"https:\/\/www.letteraemme.it\/espropriponte\/esproprio\/s109-via-margi-residence-margi\/","name":"S109 - Via Margi (Residence Margi) - Espropri Ponte sullo Stretto","isPartOf":{"@id":"https:\/\/www.letteraemme.it\/espropriponte\/#website"},"primaryImageOfPage":{"@id":"https:\/\/www.letteraemme.it\/espropriponte\/esproprio\/s109-via-margi-residence-margi\/#primaryimage"},"image":{"@id":"https:\/\/www.letteraemme.it\/espropriponte\/esproprio\/s109-via-margi-residence-margi\/#primaryimage"},"thumbnailUrl":"https:\/\/www.letteraemme.it\/espropriponte\/wp-content\/uploads\/2023\/10\/Screenshot-at-Oct-12-14-57-55.png","datePublished":"2023-10-12T12:59:59+00:00","dateModified":"2023-10-12T12:59:59+00:00","breadcrumb":{"@id":"https:\/\/www.letteraemme.it\/espropriponte\/esproprio\/s109-via-margi-residence-margi\/#breadcrumb"},"inLanguage":"it-IT","potentialAction":[{"@type":"ReadAction","target":["https:\/\/www.letteraemme.it\/espropriponte\/esproprio\/s109-via-margi-residence-margi\/"]}]},{"@type":"ImageObject","inLanguage":"it-IT","@id":"https:\/\/www.letteraemme.it\/espropriponte\/esproprio\/s109-via-margi-residence-margi\/#primaryimage","url":"https:\/\/www.letteraemme.it\/espropriponte\/wp-content\/uploads\/2023\/10\/Screenshot-at-Oct-12-14-57-55.png","contentUrl":"https:\/\/www.letteraemme.it\/espropriponte\/wp-content\/uploads\/2023\/10\/Screenshot-at-Oct-12-14-57-55.png","width":595,"height":408},{"@type":"BreadcrumbList","@id":"https:\/\/www.letteraemme.it\/espropriponte\/esproprio\/s109-via-margi-residence-margi\/#breadcrumb","itemListElement":[{"@type":"ListItem","position":1,"name":"Home","item":"https:\/\/www.letteraemme.it\/espropriponte\/"},{"@type":"ListItem","position":2,"name":"Espropri","item":"https:\/\/www.letteraemme.it\/espropriponte\/elenco-espropri\/"},{"@type":"ListItem","position":3,"name":"S109 &#8211; Via Margi (Residence Margi)"}]},{"@type":"WebSite","@id":"https:\/\/www.letteraemme.it\/espropriponte\/#website","url":"https:\/\/www.letteraemme.it\/espropriponte\/","name":"Espropri Ponte sullo Stretto","description":"","publisher":{"@id":"https:\/\/www.letteraemme.it\/espropriponte\/#organization"},"potentialAction":[{"@type":"SearchAction","target":{"@type":"EntryPoint","urlTemplate":"https:\/\/www.letteraemme.it\/espropriponte\/?s={search_term_string}"},"query-input":"required name=search_term_string"}],"inLanguage":"it-IT"},{"@type":"Organization","@id":"https:\/\/www.letteraemme.it\/espropriponte\/#organization","name":"Espropri Ponte sullo Stretto","url":"https:\/\/www.letteraemme.it\/espropriponte\/","logo":{"@type":"ImageObject","inLanguage":"it-IT","@id":"https:\/\/www.letteraemme.it\/espropriponte\/#\/schema\/logo\/image\/","url":"https:\/\/www.letteraemme.it\/espropriponte\/wp-content\/uploads\/2023\/11\/ricerca.png","contentUrl":"https:\/\/www.letteraemme.it\/espropriponte\/wp-content\/uploads\/2023\/11\/ricerca.png","width":706,"height":708,"caption":"Espropri Ponte sullo Stretto"},"image":{"@id":"https:\/\/www.letteraemme.it\/espropriponte\/#\/schema\/logo\/image\/"}}]}},"_links":{"self":[{"href":"https:\/\/www.letteraemme.it\/espropriponte\/wp-json\/wp\/v2\/esproprio\/126","targetHints":{"allow":["GET"]}}],"collection":[{"href":"https:\/\/www.letteraemme.it\/espropriponte\/wp-json\/wp\/v2\/esproprio"}],"about":[{"href":"https:\/\/www.letteraemme.it\/espropriponte\/wp-json\/wp\/v2\/types\/esproprio"}],"wp:featuredmedia":[{"embeddable":true,"href":"https:\/\/www.letteraemme.it\/espropriponte\/wp-json\/wp\/v2\/media\/127"}],"wp:attachment":[{"href":"https:\/\/www.letteraemme.it\/espropriponte\/wp-json\/wp\/v2\/media?parent=126"}],"wp:term":[{"taxonomy":"post_tag","embeddable":true,"href":"https:\/\/www.letteraemme.it\/espropriponte\/wp-json\/wp\/v2\/tags?post=126"},{"taxonomy":"comune","embeddable":true,"href":"https:\/\/www.letteraemme.it\/espropriponte\/wp-json\/wp\/v2\/comune?post=126"},{"taxonomy":"tipologia","embeddable":true,"href":"https:\/\/www.letteraemme.it\/espropriponte\/wp-json\/wp\/v2\/tipologia?post=126"},{"taxonomy":"destinazione-prevalente","embeddable":true,"href":"https:\/\/www.letteraemme.it\/espropriponte\/wp-json\/wp\/v2\/destinazione-prevalente?post=126"},{"taxonomy":"cata","embeddable":true,"href":"https:\/\/www.letteraemme.it\/espropriponte\/wp-json\/wp\/v2\/cata?post=126"},{"taxonomy":"documento-di-riferimento","embeddable":true,"href":"https:\/\/www.letteraemme.it\/espropriponte\/wp-json\/wp\/v2\/documento-di-riferimento?post=126"}],"curies":[{"name":"wp","href":"https:\/\/api.w.org\/{rel}","templated":true}]}}

<p>L&#8217;immobile in oggetto è un locale accessorio costituito da una baracca in lamiera; L&#8217;epoca di costruzione dell&#8217;immobile risale presumibilmente intorno all&#8217;anno 2009 ed in generale, ad oggi si presenta in un normale stato di conservazione e manutenzione. E&#8217; ubicato in zona semicentrale e in prossimità del mare, in una zona tipicamente turistica. L&#8217;altezza è di circa 3 metri, la struttura portante è in lamiera, con un piano fuori terra, la finitura esterna è in lamiera, gli infissi sono in lamiera. Le superfici relative al fabbricato, al giardino, ai balconi ecc. sono ricavate dal fotogrammetrico.</p>

<!-- This site is optimized with the Yoast SEO plugin v22.4 - https://yoast.com/wordpress/plugins/seo/ -->
<title>S109 - Via Margi (Residence Margi) - Espropri Ponte sullo Stretto</title>
<meta name="robots" content="index, follow, max-snippet:-1, max-image-preview:large, max-video-preview:-1" />
<link rel="canonical" href="https://www.letteraemme.it/espropriponte/esproprio/s109-via-margi-residence-margi/" />
<meta property="og:locale" content="it_IT" />
<meta property="og:type" content="article" />
<meta property="og:title" content="S109 - Via Margi (Residence Margi) - Espropri Ponte sullo Stretto" />
<meta property="og:description" content="L&#8217;immobile in oggetto è un locale accessorio costituito da una baracca in lamiera; L&#8217;epoca di costruzione dell&#8217;immobile risale presumibilmente intorno all&#8217;anno 2009 ed in generale, ad oggi si presenta in un normale stato di conservazione e manutenzione. E&#8217; ubicato in zona semicentrale e in prossimità del mare, in una zona tipicamente turistica. L&#8217;altezza è di [...]Leggi di più... from S109 &#8211; Via Margi (Residence Margi)" />
<meta property="og:url" content="https://www.letteraemme.it/espropriponte/esproprio/s109-via-margi-residence-margi/" />
<meta property="og:site_name" content="Espropri Ponte sullo Stretto" />
<meta property="og:image" content="https://www.letteraemme.it/espropriponte/wp-content/uploads/2023/10/Screenshot-at-Oct-12-14-57-55.png" />
	<meta property="og:image:width" content="595" />
	<meta property="og:image:height" content="408" />
	<meta property="og:image:type" content="image/png" />
<meta name="twitter:card" content="summary_large_image" />
<script type="application/ld+json" class="yoast-schema-graph">{"@context":"https://schema.org","@graph":[{"@type":"WebPage","@id":"https://www.letteraemme.it/espropriponte/esproprio/s109-via-margi-residence-margi/","url":"https://www.letteraemme.it/espropriponte/esproprio/s109-via-margi-residence-margi/","name":"S109 - Via Margi (Residence Margi) - Espropri Ponte sullo Stretto","isPartOf":{"@id":"https://www.letteraemme.it/espropriponte/#website"},"primaryImageOfPage":{"@id":"https://www.letteraemme.it/espropriponte/esproprio/s109-via-margi-residence-margi/#primaryimage"},"image":{"@id":"https://www.letteraemme.it/espropriponte/esproprio/s109-via-margi-residence-margi/#primaryimage"},"thumbnailUrl":"https://www.letteraemme.it/espropriponte/wp-content/uploads/2023/10/Screenshot-at-Oct-12-14-57-55.png","datePublished":"2023-10-12T12:59:59+00:00","dateModified":"2023-10-12T12:59:59+00:00","breadcrumb":{"@id":"https://www.letteraemme.it/espropriponte/esproprio/s109-via-margi-residence-margi/#breadcrumb"},"inLanguage":"it-IT","potentialAction":[{"@type":"ReadAction","target":["https://www.letteraemme.it/espropriponte/esproprio/s109-via-margi-residence-margi/"]}]},{"@type":"ImageObject","inLanguage":"it-IT","@id":"https://www.letteraemme.it/espropriponte/esproprio/s109-via-margi-residence-margi/#primaryimage","url":"https://www.letteraemme.it/espropriponte/wp-content/uploads/2023/10/Screenshot-at-Oct-12-14-57-55.png","contentUrl":"https://www.letteraemme.it/espropriponte/wp-content/uploads/2023/10/Screenshot-at-Oct-12-14-57-55.png","width":595,"height":408},{"@type":"BreadcrumbList","@id":"https://www.letteraemme.it/espropriponte/esproprio/s109-via-margi-residence-margi/#breadcrumb","itemListElement":[{"@type":"ListItem","position":1,"name":"Home","item":"https://www.letteraemme.it/espropriponte/"},{"@type":"ListItem","position":2,"name":"Espropri","item":"https://www.letteraemme.it/espropriponte/elenco-espropri/"},{"@type":"ListItem","position":3,"name":"S109 &#8211; Via Margi (Residence Margi)"}]},{"@type":"WebSite","@id":"https://www.letteraemme.it/espropriponte/#website","url":"https://www.letteraemme.it/espropriponte/","name":"Espropri Ponte sullo Stretto","description":"","publisher":{"@id":"https://www.letteraemme.it/espropriponte/#organization"},"potentialAction":[{"@type":"SearchAction","target":{"@type":"EntryPoint","urlTemplate":"https://www.letteraemme.it/espropriponte/?s={search_term_string}"},"query-input":"required name=search_term_string"}],"inLanguage":"it-IT"},{"@type":"Organization","@id":"https://www.letteraemme.it/espropriponte/#organization","name":"Espropri Ponte sullo Stretto","url":"https://www.letteraemme.it/espropriponte/","logo":{"@type":"ImageObject","inLanguage":"it-IT","@id":"https://www.letteraemme.it/espropriponte/#/schema/logo/image/","url":"https://www.letteraemme.it/espropriponte/wp-content/uploads/2023/11/ricerca.png","contentUrl":"https://www.letteraemme.it/espropriponte/wp-content/uploads/2023/11/ricerca.png","width":706,"height":708,"caption":"Espropri Ponte sullo Stretto"},"image":{"@id":"https://www.letteraemme.it/espropriponte/#/schema/logo/image/"}}]}</script>
<!-- / Yoast SEO plugin. -->

L&#8217;immobile in oggetto è un locale accessorio costituito da una baracca in lamiera; L&#8217;epoca di costruzione dell&#8217;immobile risale presumibilmente intorno all&#8217;anno 2009 ed in generale, ad oggi si presenta in un normale stato di conservazione e manutenzione. E&#8217; ubicato in zona semicentrale e in prossimità del mare, in una zona tipicamente turistica. L&#8217;altezza è di [...]Leggi di più... from S109 &#8211; Via Margi (Residence Margi)
